{"version":"1.0","provider_name":"GARDEON","provider_url":"https:\/\/gardeon.pl\/pl\/","title":"Domek ogrodowy z dwoma wiatami i montowany gara\u017c | GARDEON","type":"rich","width":600,"height":338,"html":"<blockquote class=\"wp-embedded-content\" data-secret=\"egOFud4M7d\"><a href=\"https:\/\/gardeon.pl\/pl\/blog\/domek-ogrodowy-z-dwoma-wiatami-i-montowany-garaz\/\">Domek ogrodowy z dwoma wiatami i montowany gara\u017c<\/a><\/blockquote><iframe sandbox=\"allow-scripts\" security=\"restricted\" src=\"https:\/\/gardeon.pl\/pl\/blog\/domek-ogrodowy-z-dwoma-wiatami-i-montowany-garaz\/embed\/#?secret=egOFud4M7d\" width=\"600\" height=\"338\" title=\"&#8222;Domek ogrodowy z dwoma wiatami i montowany gara\u017c&#8221; &#8212; GARDEON\" data-secret=\"egOFud4M7d\" frameborder=\"0\" marginwidth=\"0\" marginheight=\"0\" scrolling=\"no\" class=\"wp-embedded-content\"><\/iframe><script type=\"text\/javascript\">\n\/* <![CDATA[ *\/\n\/*! This file is auto-generated *\/\n!function(d,l){\"use strict\";l.querySelector&&d.addEventListener&&\"undefined\"!=typeof URL&&(d.wp=d.wp||{},d.wp.receiveEmbedMessage||(d.wp.receiveEmbedMessage=function(e){var t=e.data;if((t||t.secret||t.message||t.value)&&!\/[^a-zA-Z0-9]\/.test(t.secret)){for(var s,r,n,a=l.querySelectorAll('iframe[data-secret=\"'+t.secret+'\"]'),o=l.querySelectorAll('blockquote[data-secret=\"'+t.secret+'\"]'),c=new RegExp(\"^https?:$\",\"i\"),i=0;i<o.length;i++)o[i].style.display=\"none\";for(i=0;i<a.length;i++)s=a[i],e.source===s.contentWindow&&(s.removeAttribute(\"style\"),\"height\"===t.message?(1e3<(r=parseInt(t.value,10))?r=1e3:~~r<200&&(r=200),s.height=r):\"link\"===t.message&&(r=new URL(s.getAttribute(\"src\")),n=new URL(t.value),c.test(n.protocol))&&n.host===r.host&&l.activeElement===s&&(d.top.location.href=t.value))}},d.addEventListener(\"message\",d.wp.receiveEmbedMessage,!1),l.addEventListener(\"DOMContentLoaded\",function(){for(var e,t,s=l.querySelectorAll(\"iframe.wp-embedded-content\"),r=0;r<s.length;r++)(t=(e=s[r]).getAttribute(\"data-secret\"))||(t=Math.random().toString(36).substring(2,12),e.src+=\"#?secret=\"+t,e.setAttribute(\"data-secret\",t)),e.contentWindow.postMessage({message:\"ready\",secret:t},\"*\")},!1)))}(window,document);\n\/\/# sourceURL=https:\/\/gardeon.pl\/wp-includes\/js\/wp-embed.min.js\n\/* ]]> *\/\n<\/script>\n","thumbnail_url":"http:\/\/gardeon.pl\/wp-content\/uploads\/2020\/09\/GARDEON-foto-od-zakaznikov-26-scaled.jpg","thumbnail_width":2560,"thumbnail_height":1211,"description":"Jak to wszystko si\u0119 zacz\u0119\u0142o? Sympatyczne ma\u0142\u017ce\u0144stwo zwr\u00f3ci\u0142o si\u0119 do nas z informacj\u0105, \u017ce przy ich nowym domu jednorodzinnym brakuje gara\u017cu i schowka. Um\u00f3wili\u015bmy si\u0119 na osobiste spotkanie z pa\u0144stwem Habov\u0161tiak, podczas kt\u00f3rego dopracowali\u015bmy szczeg\u00f3\u0142y, a gara\u017c pomy\u015blnie zrealizowali\u015bmy jeszcze w tym samym roku. Po kilku latach klienci ponownie si\u0119 z nami skontaktowali, wyra\u017caj\u0105c ch\u0119\u0107 [&hellip;]"}

Domek ogrodowy z dwoma wiatami i montowany garaż | GARDEON

<blockquote class="wp-embedded-content" data-secret="egOFud4M7d"><a href="https://gardeon.pl/pl/blog/domek-ogrodowy-z-dwoma-wiatami-i-montowany-garaz/">Domek ogrodowy z dwoma wiatami i montowany garaż</a></blockquote><iframe sandbox="allow-scripts" security="restricted" src="https://gardeon.pl/pl/blog/domek-ogrodowy-z-dwoma-wiatami-i-montowany-garaz/embed/#?secret=egOFud4M7d" width="600" height="338" title="&#8222;Domek ogrodowy z dwoma wiatami i montowany garaż&#8221; &#8212; GARDEON" data-secret="egOFud4M7d" frameborder="0" marginwidth="0" marginheight="0" scrolling="no" class="wp-embedded-content"></iframe><script type="text/javascript">
/* <![CDATA[ */
/*! This file is auto-generated */
!function(d,l){"use strict";l.querySelector&&d.addEventListener&&"undefined"!=typeof URL&&(d.wp=d.wp||{},d.wp.receiveEmbedMessage||(d.wp.receiveEmbedMessage=function(e){var t=e.data;if((t||t.secret||t.message||t.value)&&!/[^a-zA-Z0-9]/.test(t.secret)){for(var s,r,n,a=l.querySelectorAll('iframe[data-secret="'+t.secret+'"]'),o=l.querySelectorAll('blockquote[data-secret="'+t.secret+'"]'),c=new RegExp("^https?:$","i"),i=0;i<o.length;i++)o[i].style.display="none";for(i=0;i<a.length;i++)s=a[i],e.source===s.contentWindow&&(s.removeAttribute("style"),"height"===t.message?(1e3<(r=parseInt(t.value,10))?r=1e3:~~r<200&&(r=200),s.height=r):"link"===t.message&&(r=new URL(s.getAttribute("src")),n=new URL(t.value),c.test(n.protocol))&&n.host===r.host&&l.activeElement===s&&(d.top.location.href=t.value))}},d.addEventListener("message",d.wp.receiveEmbedMessage,!1),l.addEventListener("DOMContentLoaded",function(){for(var e,t,s=l.querySelectorAll("iframe.wp-embedded-content"),r=0;r<s.length;r++)(t=(e=s[r]).getAttribute("data-secret"))||(t=Math.random().toString(36).substring(2,12),e.src+="#?secret="+t,e.setAttribute("data-secret",t)),e.contentWindow.postMessage({message:"ready",secret:t},"*")},!1)))}(window,document);
//# sourceURL=https://gardeon.pl/wp-includes/js/wp-embed.min.js
/* ]]> */
</script>

Jak to wszystko się zaczęło? Sympatyczne małżeństwo zwróciło się do nas z informacją, że przy ich nowym domu jednorodzinnym brakuje garażu i schowka. Umówiliśmy się na osobiste spotkanie z państwem Habovštiak, podczas którego dopracowaliśmy szczegóły, a garaż pomyślnie zrealizowaliśmy jeszcze w tym samym roku. Po kilku latach klienci ponownie się z nami skontaktowali, wyrażając chęć [&hellip;]
