{"version":"1.0","provider_name":"GARDEON","provider_url":"https:\/\/gardeon.pl\/pl\/","title":"Najta\u0144sze gara\u017ce nale\u017cy ocenia\u0107 wed\u0142ug potr\u00f3jnego kryterium. - GARDEON","type":"rich","width":600,"height":338,"html":"<blockquote class=\"wp-embedded-content\" data-secret=\"8W36Ahdjb6\"><a href=\"https:\/\/gardeon.pl\/pl\/blog\/najtansze-garaze-nalezy-oceniac-wedlug-potrojnego-kryterium\/\">Najta\u0144sze gara\u017ce nale\u017cy ocenia\u0107 wed\u0142ug potr\u00f3jnego kryterium.<\/a><\/blockquote><iframe sandbox=\"allow-scripts\" security=\"restricted\" src=\"https:\/\/gardeon.pl\/pl\/blog\/najtansze-garaze-nalezy-oceniac-wedlug-potrojnego-kryterium\/embed\/#?secret=8W36Ahdjb6\" width=\"600\" height=\"338\" title=\"&#8222;Najta\u0144sze gara\u017ce nale\u017cy ocenia\u0107 wed\u0142ug potr\u00f3jnego kryterium.&#8221; &#8212; GARDEON\" data-secret=\"8W36Ahdjb6\" frameborder=\"0\" marginwidth=\"0\" marginheight=\"0\" scrolling=\"no\" class=\"wp-embedded-content\"><\/iframe><script type=\"text\/javascript\">\n\/* <![CDATA[ *\/\n\/*! This file is auto-generated *\/\n!function(d,l){\"use strict\";l.querySelector&&d.addEventListener&&\"undefined\"!=typeof URL&&(d.wp=d.wp||{},d.wp.receiveEmbedMessage||(d.wp.receiveEmbedMessage=function(e){var t=e.data;if((t||t.secret||t.message||t.value)&&!\/[^a-zA-Z0-9]\/.test(t.secret)){for(var s,r,n,a=l.querySelectorAll('iframe[data-secret=\"'+t.secret+'\"]'),o=l.querySelectorAll('blockquote[data-secret=\"'+t.secret+'\"]'),c=new RegExp(\"^https?:$\",\"i\"),i=0;i<o.length;i++)o[i].style.display=\"none\";for(i=0;i<a.length;i++)s=a[i],e.source===s.contentWindow&&(s.removeAttribute(\"style\"),\"height\"===t.message?(1e3<(r=parseInt(t.value,10))?r=1e3:~~r<200&&(r=200),s.height=r):\"link\"===t.message&&(r=new URL(s.getAttribute(\"src\")),n=new URL(t.value),c.test(n.protocol))&&n.host===r.host&&l.activeElement===s&&(d.top.location.href=t.value))}},d.addEventListener(\"message\",d.wp.receiveEmbedMessage,!1),l.addEventListener(\"DOMContentLoaded\",function(){for(var e,t,s=l.querySelectorAll(\"iframe.wp-embedded-content\"),r=0;r<s.length;r++)(t=(e=s[r]).getAttribute(\"data-secret\"))||(t=Math.random().toString(36).substring(2,12),e.src+=\"#?secret=\"+t,e.setAttribute(\"data-secret\",t)),e.contentWindow.postMessage({message:\"ready\",secret:t},\"*\")},!1)))}(window,document);\n\/\/# sourceURL=https:\/\/gardeon.pl\/wp-includes\/js\/wp-embed.min.js\n\/* ]]> *\/\n<\/script>\n","thumbnail_url":"https:\/\/gardeon.pl\/wp-content\/uploads\/2021\/10\/gardeon-garaz-pre-dve-auta-183-1.webp","thumbnail_width":2000,"thumbnail_height":1333,"description":"Wyb\u00f3r gara\u017cu powinien by\u0107 poprzedzony dojrza\u0142\u0105 rozwag\u0105, w kt\u00f3rej uwzgl\u0119dnicie swoje oczekiwania, bud\u017cet i nak\u0142ad czasu. Nie zawsze jest to jednak takie proste. Dlatego przygotowali\u015bmy dla Pa\u0144stwa zestawienie trzech podstawowych pyta\u0144, na kt\u00f3re z pewno\u015bci\u0105 powinni\u015bcie odpowiedzie\u0107 i wyja\u015bni\u0107 sobie przed samym wyborem gara\u017cu."}

Najtańsze garaże należy oceniać według potrójnego kryterium. - GARDEON

<blockquote class="wp-embedded-content" data-secret="8W36Ahdjb6"><a href="https://gardeon.pl/pl/blog/najtansze-garaze-nalezy-oceniac-wedlug-potrojnego-kryterium/">Najtańsze garaże należy oceniać według potrójnego kryterium.</a></blockquote><iframe sandbox="allow-scripts" security="restricted" src="https://gardeon.pl/pl/blog/najtansze-garaze-nalezy-oceniac-wedlug-potrojnego-kryterium/embed/#?secret=8W36Ahdjb6" width="600" height="338" title="&#8222;Najtańsze garaże należy oceniać według potrójnego kryterium.&#8221; &#8212; GARDEON" data-secret="8W36Ahdjb6" frameborder="0" marginwidth="0" marginheight="0" scrolling="no" class="wp-embedded-content"></iframe><script type="text/javascript">
/* <![CDATA[ */
/*! This file is auto-generated */
!function(d,l){"use strict";l.querySelector&&d.addEventListener&&"undefined"!=typeof URL&&(d.wp=d.wp||{},d.wp.receiveEmbedMessage||(d.wp.receiveEmbedMessage=function(e){var t=e.data;if((t||t.secret||t.message||t.value)&&!/[^a-zA-Z0-9]/.test(t.secret)){for(var s,r,n,a=l.querySelectorAll('iframe[data-secret="'+t.secret+'"]'),o=l.querySelectorAll('blockquote[data-secret="'+t.secret+'"]'),c=new RegExp("^https?:$","i"),i=0;i<o.length;i++)o[i].style.display="none";for(i=0;i<a.length;i++)s=a[i],e.source===s.contentWindow&&(s.removeAttribute("style"),"height"===t.message?(1e3<(r=parseInt(t.value,10))?r=1e3:~~r<200&&(r=200),s.height=r):"link"===t.message&&(r=new URL(s.getAttribute("src")),n=new URL(t.value),c.test(n.protocol))&&n.host===r.host&&l.activeElement===s&&(d.top.location.href=t.value))}},d.addEventListener("message",d.wp.receiveEmbedMessage,!1),l.addEventListener("DOMContentLoaded",function(){for(var e,t,s=l.querySelectorAll("iframe.wp-embedded-content"),r=0;r<s.length;r++)(t=(e=s[r]).getAttribute("data-secret"))||(t=Math.random().toString(36).substring(2,12),e.src+="#?secret="+t,e.setAttribute("data-secret",t)),e.contentWindow.postMessage({message:"ready",secret:t},"*")},!1)))}(window,document);
//# sourceURL=https://gardeon.pl/wp-includes/js/wp-embed.min.js
/* ]]> */
</script>

Wybór garażu powinien być poprzedzony dojrzałą rozwagą, w której uwzględnicie swoje oczekiwania, budżet i nakład czasu. Nie zawsze jest to jednak takie proste. Dlatego przygotowaliśmy dla Państwa zestawienie trzech podstawowych pytań, na które z pewnością powinniście odpowiedzieć i wyjaśnić sobie przed samym wyborem garażu.
