{"id":49725,"date":"2026-04-23T18:11:36","date_gmt":"2026-04-23T16:11:36","guid":{"rendered":"https:\/\/gardeon.pl\/z-dachem-dwuspadowym\/"},"modified":"2026-04-25T10:25:05","modified_gmt":"2026-04-25T08:25:05","slug":"z-dachem-dwuspadowym","status":"publish","type":"page","link":"https:\/\/gardeon.pl\/pl\/garaze\/z-dachem-dwuspadowym\/","title":{"rendered":"Z dachem dwuspadowym"},"content":{"rendered":"","protected":false},"excerpt":{"rendered":"","protected":false},"author":1,"featured_media":49749,"parent":50131,"menu_order":2,"comment_status":"open","ping_status":"open","template":"","meta":{"_acf_changed":false,"inline_featured_image":false,"footnotes":""},"class_list":["post-49725","page","type-page","status-publish","has-post-thumbnail","hentry"],"acf":[],"yoast_head":"<!-- This site is optimized with the Yoast SEO plugin v27.4 - https:\/\/yoast.com\/product\/yoast-seo-wordpress\/ -->\n<title>Gara\u017ce z dachem dwuspadowym | GARDEON<\/title>\n<meta name=\"description\" content=\"Klasyczny design dachu dwuspadowego z \u0142atwo\u015bci\u0105 wpasuje si\u0119 w tradycyjne otoczenie domu jednorodzinnego. Z przyjemno\u015bci\u0105 pomo\u017cemy Pa\u0144stwu w wyborze ponadczasowej klasyki.\" \/>\n<meta name=\"robots\" content=\"index, follow, max-snippet:-1, max-image-preview:large, max-video-preview:-1\" \/>\n<link rel=\"canonical\" href=\"https:\/\/gardeon.pl\/pl\/garaze\/z-dachem-dwuspadowym\/\" \/>\n<meta property=\"og:locale\" content=\"pl_PL\" \/>\n<meta property=\"og:type\" content=\"article\" \/>\n<meta property=\"og:title\" content=\"Gara\u017ce z dachem dwuspadowym | GARDEON\" \/>\n<meta property=\"og:description\" content=\"Klasyczny design dachu dwuspadowego z \u0142atwo\u015bci\u0105 wpasuje si\u0119 w tradycyjne otoczenie domu jednorodzinnego. Z przyjemno\u015bci\u0105 pomo\u017cemy Pa\u0144stwu w wyborze ponadczasowej klasyki.\" \/>\n<meta property=\"og:url\" content=\"https:\/\/gardeon.pl\/pl\/garaze\/z-dachem-dwuspadowym\/\" \/>\n<meta property=\"og:site_name\" content=\"GARDEON\" \/>\n<meta property=\"article:modified_time\" content=\"2026-04-25T08:25:05+00:00\" \/>\n<meta property=\"og:image\" content=\"https:\/\/gardeon.pl\/wp-content\/uploads\/2014\/10\/ikony-sedlova-garazenakluc.png\" \/>\n\t<meta property=\"og:image:width\" content=\"228\" \/>\n\t<meta property=\"og:image:height\" content=\"160\" \/>\n\t<meta property=\"og:image:type\" content=\"image\/png\" \/>\n<meta name=\"twitter:card\" content=\"summary_large_image\" \/>\n<script type=\"application\/ld+json\" class=\"yoast-schema-graph\">{\"@context\":\"https:\\\/\\\/schema.org\",\"@graph\":[{\"@type\":\"WebPage\",\"@id\":\"https:\\\/\\\/gardeon.pl\\\/pl\\\/garaze\\\/z-dachem-dwuspadowym\\\/\",\"url\":\"https:\\\/\\\/gardeon.pl\\\/pl\\\/garaze\\\/z-dachem-dwuspadowym\\\/\",\"name\":\"Gara\u017ce z dachem dwuspadowym | GARDEON\",\"isPartOf\":{\"@id\":\"https:\\\/\\\/gardeon.pl\\\/#website\"},\"primaryImageOfPage\":{\"@id\":\"https:\\\/\\\/gardeon.pl\\\/pl\\\/garaze\\\/z-dachem-dwuspadowym\\\/#primaryimage\"},\"image\":{\"@id\":\"https:\\\/\\\/gardeon.pl\\\/pl\\\/garaze\\\/z-dachem-dwuspadowym\\\/#primaryimage\"},\"thumbnailUrl\":\"https:\\\/\\\/gardeon.pl\\\/wp-content\\\/uploads\\\/2014\\\/10\\\/ikony-sedlova-garazenakluc.png\",\"datePublished\":\"2026-04-23T16:11:36+00:00\",\"dateModified\":\"2026-04-25T08:25:05+00:00\",\"description\":\"Klasyczny design dachu dwuspadowego z \u0142atwo\u015bci\u0105 wpasuje si\u0119 w tradycyjne otoczenie domu jednorodzinnego. Z przyjemno\u015bci\u0105 pomo\u017cemy Pa\u0144stwu w wyborze ponadczasowej klasyki.\",\"breadcrumb\":{\"@id\":\"https:\\\/\\\/gardeon.pl\\\/pl\\\/garaze\\\/z-dachem-dwuspadowym\\\/#breadcrumb\"},\"inLanguage\":\"pl-PL\",\"potentialAction\":[{\"@type\":\"ReadAction\",\"target\":[\"https:\\\/\\\/gardeon.pl\\\/pl\\\/garaze\\\/z-dachem-dwuspadowym\\\/\"]}]},{\"@type\":\"ImageObject\",\"inLanguage\":\"pl-PL\",\"@id\":\"https:\\\/\\\/gardeon.pl\\\/pl\\\/garaze\\\/z-dachem-dwuspadowym\\\/#primaryimage\",\"url\":\"https:\\\/\\\/gardeon.pl\\\/wp-content\\\/uploads\\\/2014\\\/10\\\/ikony-sedlova-garazenakluc.png\",\"contentUrl\":\"https:\\\/\\\/gardeon.pl\\\/wp-content\\\/uploads\\\/2014\\\/10\\\/ikony-sedlova-garazenakluc.png\",\"width\":228,\"height\":160,\"caption\":\"Nowoczesny gara\u017c z dachem dwuspadowym\"},{\"@type\":\"BreadcrumbList\",\"@id\":\"https:\\\/\\\/gardeon.pl\\\/pl\\\/garaze\\\/z-dachem-dwuspadowym\\\/#breadcrumb\",\"itemListElement\":[{\"@type\":\"ListItem\",\"position\":1,\"name\":\"Domov\",\"item\":\"https:\\\/\\\/gardeon.pl\\\/pl\\\/\"},{\"@type\":\"ListItem\",\"position\":2,\"name\":\"Gara\u017ce\",\"item\":\"https:\\\/\\\/gardeon.pl\\\/pl\\\/garaze\\\/\"},{\"@type\":\"ListItem\",\"position\":3,\"name\":\"Z dachem dwuspadowym\"}]},{\"@type\":\"WebSite\",\"@id\":\"https:\\\/\\\/gardeon.pl\\\/#website\",\"url\":\"https:\\\/\\\/gardeon.pl\\\/\",\"name\":\"GARDEON\",\"description\":\"\",\"potentialAction\":[{\"@type\":\"SearchAction\",\"target\":{\"@type\":\"EntryPoint\",\"urlTemplate\":\"https:\\\/\\\/gardeon.pl\\\/?s={search_term_string}\"},\"query-input\":{\"@type\":\"PropertyValueSpecification\",\"valueRequired\":true,\"valueName\":\"search_term_string\"}}],\"inLanguage\":\"pl-PL\"}]}<\/script>\n<!-- \/ Yoast SEO plugin. -->","yoast_head_json":{"title":"Gara\u017ce z dachem dwuspadowym | GARDEON","description":"Klasyczny design dachu dwuspadowego z \u0142atwo\u015bci\u0105 wpasuje si\u0119 w tradycyjne otoczenie domu jednorodzinnego. Z przyjemno\u015bci\u0105 pomo\u017cemy Pa\u0144stwu w wyborze ponadczasowej klasyki.","robots":{"index":"index","follow":"follow","max-snippet":"max-snippet:-1","max-image-preview":"max-image-preview:large","max-video-preview":"max-video-preview:-1"},"canonical":"https:\/\/gardeon.pl\/pl\/garaze\/z-dachem-dwuspadowym\/","og_locale":"pl_PL","og_type":"article","og_title":"Gara\u017ce z dachem dwuspadowym | GARDEON","og_description":"Klasyczny design dachu dwuspadowego z \u0142atwo\u015bci\u0105 wpasuje si\u0119 w tradycyjne otoczenie domu jednorodzinnego. Z przyjemno\u015bci\u0105 pomo\u017cemy Pa\u0144stwu w wyborze ponadczasowej klasyki.","og_url":"https:\/\/gardeon.pl\/pl\/garaze\/z-dachem-dwuspadowym\/","og_site_name":"GARDEON","article_modified_time":"2026-04-25T08:25:05+00:00","og_image":[{"width":228,"height":160,"url":"https:\/\/gardeon.pl\/wp-content\/uploads\/2014\/10\/ikony-sedlova-garazenakluc.png","type":"image\/png"}],"twitter_card":"summary_large_image","schema":{"@context":"https:\/\/schema.org","@graph":[{"@type":"WebPage","@id":"https:\/\/gardeon.pl\/pl\/garaze\/z-dachem-dwuspadowym\/","url":"https:\/\/gardeon.pl\/pl\/garaze\/z-dachem-dwuspadowym\/","name":"Gara\u017ce z dachem dwuspadowym | GARDEON","isPartOf":{"@id":"https:\/\/gardeon.pl\/#website"},"primaryImageOfPage":{"@id":"https:\/\/gardeon.pl\/pl\/garaze\/z-dachem-dwuspadowym\/#primaryimage"},"image":{"@id":"https:\/\/gardeon.pl\/pl\/garaze\/z-dachem-dwuspadowym\/#primaryimage"},"thumbnailUrl":"https:\/\/gardeon.pl\/wp-content\/uploads\/2014\/10\/ikony-sedlova-garazenakluc.png","datePublished":"2026-04-23T16:11:36+00:00","dateModified":"2026-04-25T08:25:05+00:00","description":"Klasyczny design dachu dwuspadowego z \u0142atwo\u015bci\u0105 wpasuje si\u0119 w tradycyjne otoczenie domu jednorodzinnego. Z przyjemno\u015bci\u0105 pomo\u017cemy Pa\u0144stwu w wyborze ponadczasowej klasyki.","breadcrumb":{"@id":"https:\/\/gardeon.pl\/pl\/garaze\/z-dachem-dwuspadowym\/#breadcrumb"},"inLanguage":"pl-PL","potentialAction":[{"@type":"ReadAction","target":["https:\/\/gardeon.pl\/pl\/garaze\/z-dachem-dwuspadowym\/"]}]},{"@type":"ImageObject","inLanguage":"pl-PL","@id":"https:\/\/gardeon.pl\/pl\/garaze\/z-dachem-dwuspadowym\/#primaryimage","url":"https:\/\/gardeon.pl\/wp-content\/uploads\/2014\/10\/ikony-sedlova-garazenakluc.png","contentUrl":"https:\/\/gardeon.pl\/wp-content\/uploads\/2014\/10\/ikony-sedlova-garazenakluc.png","width":228,"height":160,"caption":"Nowoczesny gara\u017c z dachem dwuspadowym"},{"@type":"BreadcrumbList","@id":"https:\/\/gardeon.pl\/pl\/garaze\/z-dachem-dwuspadowym\/#breadcrumb","itemListElement":[{"@type":"ListItem","position":1,"name":"Domov","item":"https:\/\/gardeon.pl\/pl\/"},{"@type":"ListItem","position":2,"name":"Gara\u017ce","item":"https:\/\/gardeon.pl\/pl\/garaze\/"},{"@type":"ListItem","position":3,"name":"Z dachem dwuspadowym"}]},{"@type":"WebSite","@id":"https:\/\/gardeon.pl\/#website","url":"https:\/\/gardeon.pl\/","name":"GARDEON","description":"","potentialAction":[{"@type":"SearchAction","target":{"@type":"EntryPoint","urlTemplate":"https:\/\/gardeon.pl\/?s={search_term_string}"},"query-input":{"@type":"PropertyValueSpecification","valueRequired":true,"valueName":"search_term_string"}}],"inLanguage":"pl-PL"}]}},"_links":{"self":[{"href":"https:\/\/gardeon.pl\/pl\/wp-json\/wp\/v2\/pages\/49725","targetHints":{"allow":["GET"]}}],"collection":[{"href":"https:\/\/gardeon.pl\/pl\/wp-json\/wp\/v2\/pages"}],"about":[{"href":"https:\/\/gardeon.pl\/pl\/wp-json\/wp\/v2\/types\/page"}],"author":[{"embeddable":true,"href":"https:\/\/gardeon.pl\/pl\/wp-json\/wp\/v2\/users\/1"}],"replies":[{"embeddable":true,"href":"https:\/\/gardeon.pl\/pl\/wp-json\/wp\/v2\/comments?post=49725"}],"version-history":[{"count":0,"href":"https:\/\/gardeon.pl\/pl\/wp-json\/wp\/v2\/pages\/49725\/revisions"}],"up":[{"embeddable":true,"href":"https:\/\/gardeon.pl\/pl\/wp-json\/wp\/v2\/pages\/50131"}],"wp:featuredmedia":[{"embeddable":true,"href":"https:\/\/gardeon.pl\/pl\/wp-json\/wp\/v2\/media\/49749"}],"wp:attachment":[{"href":"https:\/\/gardeon.pl\/pl\/wp-json\/wp\/v2\/media?parent=49725"}],"curies":[{"name":"wp","href":"https:\/\/api.w.org\/{rel}","templated":true}]}}

<!-- This site is optimized with the Yoast SEO plugin v27.4 - https://yoast.com/product/yoast-seo-wordpress/ -->
<title>Garaże z dachem dwuspadowym | GARDEON</title>
<meta name="description" content="Klasyczny design dachu dwuspadowego z łatwością wpasuje się w tradycyjne otoczenie domu jednorodzinnego. Z przyjemnością pomożemy Państwu w wyborze ponadczasowej klasyki." />
<meta name="robots" content="index, follow, max-snippet:-1, max-image-preview:large, max-video-preview:-1" />
<link rel="canonical" href="https://gardeon.pl/pl/garaze/z-dachem-dwuspadowym/" />
<meta property="og:locale" content="pl_PL" />
<meta property="og:type" content="article" />
<meta property="og:title" content="Garaże z dachem dwuspadowym | GARDEON" />
<meta property="og:description" content="Klasyczny design dachu dwuspadowego z łatwością wpasuje się w tradycyjne otoczenie domu jednorodzinnego. Z przyjemnością pomożemy Państwu w wyborze ponadczasowej klasyki." />
<meta property="og:url" content="https://gardeon.pl/pl/garaze/z-dachem-dwuspadowym/" />
<meta property="og:site_name" content="GARDEON" />
<meta property="article:modified_time" content="2026-04-25T08:25:05+00:00" />
<meta property="og:image" content="https://gardeon.pl/wp-content/uploads/2014/10/ikony-sedlova-garazenakluc.png" />
	<meta property="og:image:width" content="228" />
	<meta property="og:image:height" content="160" />
	<meta property="og:image:type" content="image/png" />
<meta name="twitter:card" content="summary_large_image" />
<script type="application/ld+json" class="yoast-schema-graph">{"@context":"https:\/\/schema.org","@graph":[{"@type":"WebPage","@id":"https:\/\/gardeon.pl\/pl\/garaze\/z-dachem-dwuspadowym\/","url":"https:\/\/gardeon.pl\/pl\/garaze\/z-dachem-dwuspadowym\/","name":"Garaże z dachem dwuspadowym | GARDEON","isPartOf":{"@id":"https:\/\/gardeon.pl\/#website"},"primaryImageOfPage":{"@id":"https:\/\/gardeon.pl\/pl\/garaze\/z-dachem-dwuspadowym\/#primaryimage"},"image":{"@id":"https:\/\/gardeon.pl\/pl\/garaze\/z-dachem-dwuspadowym\/#primaryimage"},"thumbnailUrl":"https:\/\/gardeon.pl\/wp-content\/uploads\/2014\/10\/ikony-sedlova-garazenakluc.png","datePublished":"2026-04-23T16:11:36+00:00","dateModified":"2026-04-25T08:25:05+00:00","description":"Klasyczny design dachu dwuspadowego z łatwością wpasuje się w tradycyjne otoczenie domu jednorodzinnego. Z przyjemnością pomożemy Państwu w wyborze ponadczasowej klasyki.","breadcrumb":{"@id":"https:\/\/gardeon.pl\/pl\/garaze\/z-dachem-dwuspadowym\/#breadcrumb"},"inLanguage":"pl-PL","potentialAction":[{"@type":"ReadAction","target":["https:\/\/gardeon.pl\/pl\/garaze\/z-dachem-dwuspadowym\/"]}]},{"@type":"ImageObject","inLanguage":"pl-PL","@id":"https:\/\/gardeon.pl\/pl\/garaze\/z-dachem-dwuspadowym\/#primaryimage","url":"https:\/\/gardeon.pl\/wp-content\/uploads\/2014\/10\/ikony-sedlova-garazenakluc.png","contentUrl":"https:\/\/gardeon.pl\/wp-content\/uploads\/2014\/10\/ikony-sedlova-garazenakluc.png","width":228,"height":160,"caption":"Nowoczesny garaż z dachem dwuspadowym"},{"@type":"BreadcrumbList","@id":"https:\/\/gardeon.pl\/pl\/garaze\/z-dachem-dwuspadowym\/#breadcrumb","itemListElement":[{"@type":"ListItem","position":1,"name":"Domov","item":"https:\/\/gardeon.pl\/pl\/"},{"@type":"ListItem","position":2,"name":"Garaże","item":"https:\/\/gardeon.pl\/pl\/garaze\/"},{"@type":"ListItem","position":3,"name":"Z dachem dwuspadowym"}]},{"@type":"WebSite","@id":"https:\/\/gardeon.pl\/#website","url":"https:\/\/gardeon.pl\/","name":"GARDEON","description":"","potentialAction":[{"@type":"SearchAction","target":{"@type":"EntryPoint","urlTemplate":"https:\/\/gardeon.pl\/?s={search_term_string}"},"query-input":{"@type":"PropertyValueSpecification","valueRequired":true,"valueName":"search_term_string"}}],"inLanguage":"pl-PL"}]}</script>
<!-- / Yoast SEO plugin. -->

Garaże z dachem dwuspadowym | GARDEON

Klasyczny design dachu dwuspadowego z łatwością wpasuje się w tradycyjne otoczenie domu jednorodzinnego. Z przyjemnością pomożemy Państwu w wyborze ponadczasowej klasyki.

Nowoczesny garaż z dachem dwuspadowym

Garaże
