{"id":49881,"date":"2026-04-23T18:11:49","date_gmt":"2026-04-23T16:11:49","guid":{"rendered":"https:\/\/gardeon.pl\/garaze-szeregowe\/"},"modified":"2026-04-25T10:23:36","modified_gmt":"2026-04-25T08:23:36","slug":"garaze-szeregowe","status":"publish","type":"page","link":"https:\/\/gardeon.pl\/pl\/garaze\/garaze-szeregowe\/","title":{"rendered":"Gara\u017ce szeregowe"},"content":{"rendered":"","protected":false},"excerpt":{"rendered":"","protected":false},"author":1,"featured_media":49915,"parent":50131,"menu_order":3,"comment_status":"open","ping_status":"open","template":"","meta":{"_acf_changed":false,"inline_featured_image":false,"footnotes":""},"class_list":["post-49881","page","type-page","status-publish","has-post-thumbnail","hentry"],"acf":[],"yoast_head":"<!-- This site is optimized with the Yoast SEO plugin v27.4 - https:\/\/yoast.com\/product\/yoast-seo-wordpress\/ -->\n<title>Gara\u017ce szeregowe | GARDEON<\/title>\n<meta name=\"description\" content=\"Zrealizowali\u015bmy wiele projekt\u00f3w gara\u017cy szeregowych dla firm i budynk\u00f3w mieszkalnych. To wygodne i ekonomiczne rozwi\u0105zanie dla wi\u0119kszej liczby samochod\u00f3w.\" \/>\n<meta name=\"robots\" content=\"index, follow, max-snippet:-1, max-image-preview:large, max-video-preview:-1\" \/>\n<link rel=\"canonical\" href=\"https:\/\/gardeon.pl\/pl\/garaze\/garaze-szeregowe\/\" \/>\n<meta property=\"og:locale\" content=\"pl_PL\" \/>\n<meta property=\"og:type\" content=\"article\" \/>\n<meta property=\"og:title\" content=\"Gara\u017ce szeregowe | GARDEON\" \/>\n<meta property=\"og:description\" content=\"Zrealizowali\u015bmy wiele projekt\u00f3w gara\u017cy szeregowych dla firm i budynk\u00f3w mieszkalnych. To wygodne i ekonomiczne rozwi\u0105zanie dla wi\u0119kszej liczby samochod\u00f3w.\" \/>\n<meta property=\"og:url\" content=\"https:\/\/gardeon.pl\/pl\/garaze\/garaze-szeregowe\/\" \/>\n<meta property=\"og:site_name\" content=\"GARDEON\" \/>\n<meta property=\"article:modified_time\" content=\"2026-04-25T08:23:36+00:00\" \/>\n<meta property=\"og:image\" content=\"https:\/\/gardeon.pl\/wp-content\/uploads\/2014\/10\/ikona-radove-garaze-garazenakluc.png\" \/>\n\t<meta property=\"og:image:width\" content=\"228\" \/>\n\t<meta property=\"og:image:height\" content=\"160\" \/>\n\t<meta property=\"og:image:type\" content=\"image\/png\" \/>\n<meta name=\"twitter:card\" content=\"summary_large_image\" \/>\n<script type=\"application\/ld+json\" class=\"yoast-schema-graph\">{\"@context\":\"https:\\\/\\\/schema.org\",\"@graph\":[{\"@type\":\"WebPage\",\"@id\":\"https:\\\/\\\/gardeon.pl\\\/pl\\\/garaze\\\/garaze-szeregowe\\\/\",\"url\":\"https:\\\/\\\/gardeon.pl\\\/pl\\\/garaze\\\/garaze-szeregowe\\\/\",\"name\":\"Gara\u017ce szeregowe | GARDEON\",\"isPartOf\":{\"@id\":\"https:\\\/\\\/gardeon.pl\\\/#website\"},\"primaryImageOfPage\":{\"@id\":\"https:\\\/\\\/gardeon.pl\\\/pl\\\/garaze\\\/garaze-szeregowe\\\/#primaryimage\"},\"image\":{\"@id\":\"https:\\\/\\\/gardeon.pl\\\/pl\\\/garaze\\\/garaze-szeregowe\\\/#primaryimage\"},\"thumbnailUrl\":\"https:\\\/\\\/gardeon.pl\\\/wp-content\\\/uploads\\\/2014\\\/10\\\/ikona-radove-garaze-garazenakluc.png\",\"datePublished\":\"2026-04-23T16:11:49+00:00\",\"dateModified\":\"2026-04-25T08:23:36+00:00\",\"description\":\"Zrealizowali\u015bmy wiele projekt\u00f3w gara\u017cy szeregowych dla firm i budynk\u00f3w mieszkalnych. To wygodne i ekonomiczne rozwi\u0105zanie dla wi\u0119kszej liczby samochod\u00f3w.\",\"breadcrumb\":{\"@id\":\"https:\\\/\\\/gardeon.pl\\\/pl\\\/garaze\\\/garaze-szeregowe\\\/#breadcrumb\"},\"inLanguage\":\"pl-PL\",\"potentialAction\":[{\"@type\":\"ReadAction\",\"target\":[\"https:\\\/\\\/gardeon.pl\\\/pl\\\/garaze\\\/garaze-szeregowe\\\/\"]}]},{\"@type\":\"ImageObject\",\"inLanguage\":\"pl-PL\",\"@id\":\"https:\\\/\\\/gardeon.pl\\\/pl\\\/garaze\\\/garaze-szeregowe\\\/#primaryimage\",\"url\":\"https:\\\/\\\/gardeon.pl\\\/wp-content\\\/uploads\\\/2014\\\/10\\\/ikona-radove-garaze-garazenakluc.png\",\"contentUrl\":\"https:\\\/\\\/gardeon.pl\\\/wp-content\\\/uploads\\\/2014\\\/10\\\/ikona-radove-garaze-garazenakluc.png\",\"width\":228,\"height\":160,\"caption\":\"Gara\u017ce szeregowe z bramami uchylnymi Hormann\"},{\"@type\":\"BreadcrumbList\",\"@id\":\"https:\\\/\\\/gardeon.pl\\\/pl\\\/garaze\\\/garaze-szeregowe\\\/#breadcrumb\",\"itemListElement\":[{\"@type\":\"ListItem\",\"position\":1,\"name\":\"Domov\",\"item\":\"https:\\\/\\\/gardeon.pl\\\/pl\\\/\"},{\"@type\":\"ListItem\",\"position\":2,\"name\":\"Gara\u017ce\",\"item\":\"https:\\\/\\\/gardeon.pl\\\/pl\\\/garaze\\\/\"},{\"@type\":\"ListItem\",\"position\":3,\"name\":\"Gara\u017ce szeregowe\"}]},{\"@type\":\"WebSite\",\"@id\":\"https:\\\/\\\/gardeon.pl\\\/#website\",\"url\":\"https:\\\/\\\/gardeon.pl\\\/\",\"name\":\"GARDEON\",\"description\":\"\",\"potentialAction\":[{\"@type\":\"SearchAction\",\"target\":{\"@type\":\"EntryPoint\",\"urlTemplate\":\"https:\\\/\\\/gardeon.pl\\\/?s={search_term_string}\"},\"query-input\":{\"@type\":\"PropertyValueSpecification\",\"valueRequired\":true,\"valueName\":\"search_term_string\"}}],\"inLanguage\":\"pl-PL\"}]}<\/script>\n<!-- \/ Yoast SEO plugin. -->","yoast_head_json":{"title":"Gara\u017ce szeregowe | GARDEON","description":"Zrealizowali\u015bmy wiele projekt\u00f3w gara\u017cy szeregowych dla firm i budynk\u00f3w mieszkalnych. To wygodne i ekonomiczne rozwi\u0105zanie dla wi\u0119kszej liczby samochod\u00f3w.","robots":{"index":"index","follow":"follow","max-snippet":"max-snippet:-1","max-image-preview":"max-image-preview:large","max-video-preview":"max-video-preview:-1"},"canonical":"https:\/\/gardeon.pl\/pl\/garaze\/garaze-szeregowe\/","og_locale":"pl_PL","og_type":"article","og_title":"Gara\u017ce szeregowe | GARDEON","og_description":"Zrealizowali\u015bmy wiele projekt\u00f3w gara\u017cy szeregowych dla firm i budynk\u00f3w mieszkalnych. To wygodne i ekonomiczne rozwi\u0105zanie dla wi\u0119kszej liczby samochod\u00f3w.","og_url":"https:\/\/gardeon.pl\/pl\/garaze\/garaze-szeregowe\/","og_site_name":"GARDEON","article_modified_time":"2026-04-25T08:23:36+00:00","og_image":[{"width":228,"height":160,"url":"https:\/\/gardeon.pl\/wp-content\/uploads\/2014\/10\/ikona-radove-garaze-garazenakluc.png","type":"image\/png"}],"twitter_card":"summary_large_image","schema":{"@context":"https:\/\/schema.org","@graph":[{"@type":"WebPage","@id":"https:\/\/gardeon.pl\/pl\/garaze\/garaze-szeregowe\/","url":"https:\/\/gardeon.pl\/pl\/garaze\/garaze-szeregowe\/","name":"Gara\u017ce szeregowe | GARDEON","isPartOf":{"@id":"https:\/\/gardeon.pl\/#website"},"primaryImageOfPage":{"@id":"https:\/\/gardeon.pl\/pl\/garaze\/garaze-szeregowe\/#primaryimage"},"image":{"@id":"https:\/\/gardeon.pl\/pl\/garaze\/garaze-szeregowe\/#primaryimage"},"thumbnailUrl":"https:\/\/gardeon.pl\/wp-content\/uploads\/2014\/10\/ikona-radove-garaze-garazenakluc.png","datePublished":"2026-04-23T16:11:49+00:00","dateModified":"2026-04-25T08:23:36+00:00","description":"Zrealizowali\u015bmy wiele projekt\u00f3w gara\u017cy szeregowych dla firm i budynk\u00f3w mieszkalnych. To wygodne i ekonomiczne rozwi\u0105zanie dla wi\u0119kszej liczby samochod\u00f3w.","breadcrumb":{"@id":"https:\/\/gardeon.pl\/pl\/garaze\/garaze-szeregowe\/#breadcrumb"},"inLanguage":"pl-PL","potentialAction":[{"@type":"ReadAction","target":["https:\/\/gardeon.pl\/pl\/garaze\/garaze-szeregowe\/"]}]},{"@type":"ImageObject","inLanguage":"pl-PL","@id":"https:\/\/gardeon.pl\/pl\/garaze\/garaze-szeregowe\/#primaryimage","url":"https:\/\/gardeon.pl\/wp-content\/uploads\/2014\/10\/ikona-radove-garaze-garazenakluc.png","contentUrl":"https:\/\/gardeon.pl\/wp-content\/uploads\/2014\/10\/ikona-radove-garaze-garazenakluc.png","width":228,"height":160,"caption":"Gara\u017ce szeregowe z bramami uchylnymi Hormann"},{"@type":"BreadcrumbList","@id":"https:\/\/gardeon.pl\/pl\/garaze\/garaze-szeregowe\/#breadcrumb","itemListElement":[{"@type":"ListItem","position":1,"name":"Domov","item":"https:\/\/gardeon.pl\/pl\/"},{"@type":"ListItem","position":2,"name":"Gara\u017ce","item":"https:\/\/gardeon.pl\/pl\/garaze\/"},{"@type":"ListItem","position":3,"name":"Gara\u017ce szeregowe"}]},{"@type":"WebSite","@id":"https:\/\/gardeon.pl\/#website","url":"https:\/\/gardeon.pl\/","name":"GARDEON","description":"","potentialAction":[{"@type":"SearchAction","target":{"@type":"EntryPoint","urlTemplate":"https:\/\/gardeon.pl\/?s={search_term_string}"},"query-input":{"@type":"PropertyValueSpecification","valueRequired":true,"valueName":"search_term_string"}}],"inLanguage":"pl-PL"}]}},"_links":{"self":[{"href":"https:\/\/gardeon.pl\/pl\/wp-json\/wp\/v2\/pages\/49881","targetHints":{"allow":["GET"]}}],"collection":[{"href":"https:\/\/gardeon.pl\/pl\/wp-json\/wp\/v2\/pages"}],"about":[{"href":"https:\/\/gardeon.pl\/pl\/wp-json\/wp\/v2\/types\/page"}],"author":[{"embeddable":true,"href":"https:\/\/gardeon.pl\/pl\/wp-json\/wp\/v2\/users\/1"}],"replies":[{"embeddable":true,"href":"https:\/\/gardeon.pl\/pl\/wp-json\/wp\/v2\/comments?post=49881"}],"version-history":[{"count":0,"href":"https:\/\/gardeon.pl\/pl\/wp-json\/wp\/v2\/pages\/49881\/revisions"}],"up":[{"embeddable":true,"href":"https:\/\/gardeon.pl\/pl\/wp-json\/wp\/v2\/pages\/50131"}],"wp:featuredmedia":[{"embeddable":true,"href":"https:\/\/gardeon.pl\/pl\/wp-json\/wp\/v2\/media\/49915"}],"wp:attachment":[{"href":"https:\/\/gardeon.pl\/pl\/wp-json\/wp\/v2\/media?parent=49881"}],"curies":[{"name":"wp","href":"https:\/\/api.w.org\/{rel}","templated":true}]}}

Garaże szeregowe

<!-- This site is optimized with the Yoast SEO plugin v27.4 - https://yoast.com/product/yoast-seo-wordpress/ -->
<title>Garaże szeregowe | GARDEON</title>
<meta name="description" content="Zrealizowaliśmy wiele projektów garaży szeregowych dla firm i budynków mieszkalnych. To wygodne i ekonomiczne rozwiązanie dla większej liczby samochodów." />
<meta name="robots" content="index, follow, max-snippet:-1, max-image-preview:large, max-video-preview:-1" />
<link rel="canonical" href="https://gardeon.pl/pl/garaze/garaze-szeregowe/" />
<meta property="og:locale" content="pl_PL" />
<meta property="og:type" content="article" />
<meta property="og:title" content="Garaże szeregowe | GARDEON" />
<meta property="og:description" content="Zrealizowaliśmy wiele projektów garaży szeregowych dla firm i budynków mieszkalnych. To wygodne i ekonomiczne rozwiązanie dla większej liczby samochodów." />
<meta property="og:url" content="https://gardeon.pl/pl/garaze/garaze-szeregowe/" />
<meta property="og:site_name" content="GARDEON" />
<meta property="article:modified_time" content="2026-04-25T08:23:36+00:00" />
<meta property="og:image" content="https://gardeon.pl/wp-content/uploads/2014/10/ikona-radove-garaze-garazenakluc.png" />
	<meta property="og:image:width" content="228" />
	<meta property="og:image:height" content="160" />
	<meta property="og:image:type" content="image/png" />
<meta name="twitter:card" content="summary_large_image" />
<script type="application/ld+json" class="yoast-schema-graph">{"@context":"https:\/\/schema.org","@graph":[{"@type":"WebPage","@id":"https:\/\/gardeon.pl\/pl\/garaze\/garaze-szeregowe\/","url":"https:\/\/gardeon.pl\/pl\/garaze\/garaze-szeregowe\/","name":"Garaże szeregowe | GARDEON","isPartOf":{"@id":"https:\/\/gardeon.pl\/#website"},"primaryImageOfPage":{"@id":"https:\/\/gardeon.pl\/pl\/garaze\/garaze-szeregowe\/#primaryimage"},"image":{"@id":"https:\/\/gardeon.pl\/pl\/garaze\/garaze-szeregowe\/#primaryimage"},"thumbnailUrl":"https:\/\/gardeon.pl\/wp-content\/uploads\/2014\/10\/ikona-radove-garaze-garazenakluc.png","datePublished":"2026-04-23T16:11:49+00:00","dateModified":"2026-04-25T08:23:36+00:00","description":"Zrealizowaliśmy wiele projektów garaży szeregowych dla firm i budynków mieszkalnych. To wygodne i ekonomiczne rozwiązanie dla większej liczby samochodów.","breadcrumb":{"@id":"https:\/\/gardeon.pl\/pl\/garaze\/garaze-szeregowe\/#breadcrumb"},"inLanguage":"pl-PL","potentialAction":[{"@type":"ReadAction","target":["https:\/\/gardeon.pl\/pl\/garaze\/garaze-szeregowe\/"]}]},{"@type":"ImageObject","inLanguage":"pl-PL","@id":"https:\/\/gardeon.pl\/pl\/garaze\/garaze-szeregowe\/#primaryimage","url":"https:\/\/gardeon.pl\/wp-content\/uploads\/2014\/10\/ikona-radove-garaze-garazenakluc.png","contentUrl":"https:\/\/gardeon.pl\/wp-content\/uploads\/2014\/10\/ikona-radove-garaze-garazenakluc.png","width":228,"height":160,"caption":"Garaże szeregowe z bramami uchylnymi Hormann"},{"@type":"BreadcrumbList","@id":"https:\/\/gardeon.pl\/pl\/garaze\/garaze-szeregowe\/#breadcrumb","itemListElement":[{"@type":"ListItem","position":1,"name":"Domov","item":"https:\/\/gardeon.pl\/pl\/"},{"@type":"ListItem","position":2,"name":"Garaże","item":"https:\/\/gardeon.pl\/pl\/garaze\/"},{"@type":"ListItem","position":3,"name":"Garaże szeregowe"}]},{"@type":"WebSite","@id":"https:\/\/gardeon.pl\/#website","url":"https:\/\/gardeon.pl\/","name":"GARDEON","description":"","potentialAction":[{"@type":"SearchAction","target":{"@type":"EntryPoint","urlTemplate":"https:\/\/gardeon.pl\/?s={search_term_string}"},"query-input":{"@type":"PropertyValueSpecification","valueRequired":true,"valueName":"search_term_string"}}],"inLanguage":"pl-PL"}]}</script>
<!-- / Yoast SEO plugin. -->

Garaże szeregowe | GARDEON

Zrealizowaliśmy wiele projektów garaży szeregowych dla firm i budynków mieszkalnych. To wygodne i ekonomiczne rozwiązanie dla większej liczby samochodów.

Garaże szeregowe z bramami uchylnymi Hormann

Garaże
