{"id":49956,"date":"2026-04-23T18:12:23","date_gmt":"2026-04-23T16:12:23","guid":{"rendered":"https:\/\/gardeon.pl\/na-wymiar\/"},"modified":"2026-04-25T10:24:10","modified_gmt":"2026-04-25T08:24:10","slug":"na-wymiar","status":"publish","type":"page","link":"https:\/\/gardeon.pl\/pl\/garaze\/na-wymiar\/","title":{"rendered":"Na wymiar"},"content":{"rendered":"","protected":false},"excerpt":{"rendered":"","protected":false},"author":1,"featured_media":49991,"parent":50131,"menu_order":4,"comment_status":"open","ping_status":"open","template":"","meta":{"_acf_changed":false,"inline_featured_image":false,"footnotes":""},"class_list":["post-49956","page","type-page","status-publish","has-post-thumbnail","hentry"],"acf":[],"yoast_head":"<!-- This site is optimized with the Yoast SEO plugin v27.4 - https:\/\/yoast.com\/product\/yoast-seo-wordpress\/ -->\n<title>Atypowe gara\u017ce na wymiar i montowane magazyny | GARDEON<\/title>\n<meta name=\"description\" content=\"Nie wybrali Pa\u0144stwo z naszej oferty typowych wymiar\u00f3w? Zbudujemy konstrukcj\u0119 na wymiar, dok\u0142adnie wed\u0142ug Pa\u0144stwa wymaga\u0144 w rekordowo kr\u00f3tkim czasie - tylko w 1 dzie\u0144!\" \/>\n<meta name=\"robots\" content=\"index, follow, max-snippet:-1, max-image-preview:large, max-video-preview:-1\" \/>\n<link rel=\"canonical\" href=\"https:\/\/gardeon.pl\/pl\/garaze\/na-wymiar\/\" \/>\n<meta property=\"og:locale\" content=\"pl_PL\" \/>\n<meta property=\"og:type\" content=\"article\" \/>\n<meta property=\"og:title\" content=\"Atypowe gara\u017ce na wymiar i montowane magazyny | GARDEON\" \/>\n<meta property=\"og:description\" content=\"Nie wybrali Pa\u0144stwo z naszej oferty typowych wymiar\u00f3w? Zbudujemy konstrukcj\u0119 na wymiar, dok\u0142adnie wed\u0142ug Pa\u0144stwa wymaga\u0144 w rekordowo kr\u00f3tkim czasie - tylko w 1 dzie\u0144!\" \/>\n<meta property=\"og:url\" content=\"https:\/\/gardeon.pl\/pl\/garaze\/na-wymiar\/\" \/>\n<meta property=\"og:site_name\" content=\"GARDEON\" \/>\n<meta property=\"article:modified_time\" content=\"2026-04-25T08:24:10+00:00\" \/>\n<meta property=\"og:image\" content=\"https:\/\/gardeon.pl\/wp-content\/uploads\/2014\/10\/ikony-atypicka-garaz-garazenakluc.png\" \/>\n\t<meta property=\"og:image:width\" content=\"228\" \/>\n\t<meta property=\"og:image:height\" content=\"160\" \/>\n\t<meta property=\"og:image:type\" content=\"image\/png\" \/>\n<meta name=\"twitter:card\" content=\"summary_large_image\" \/>\n<script type=\"application\/ld+json\" class=\"yoast-schema-graph\">{\"@context\":\"https:\\\/\\\/schema.org\",\"@graph\":[{\"@type\":\"WebPage\",\"@id\":\"https:\\\/\\\/gardeon.pl\\\/pl\\\/garaze\\\/na-wymiar\\\/\",\"url\":\"https:\\\/\\\/gardeon.pl\\\/pl\\\/garaze\\\/na-wymiar\\\/\",\"name\":\"Atypowe gara\u017ce na wymiar i montowane magazyny | GARDEON\",\"isPartOf\":{\"@id\":\"https:\\\/\\\/gardeon.pl\\\/#website\"},\"primaryImageOfPage\":{\"@id\":\"https:\\\/\\\/gardeon.pl\\\/pl\\\/garaze\\\/na-wymiar\\\/#primaryimage\"},\"image\":{\"@id\":\"https:\\\/\\\/gardeon.pl\\\/pl\\\/garaze\\\/na-wymiar\\\/#primaryimage\"},\"thumbnailUrl\":\"https:\\\/\\\/gardeon.pl\\\/wp-content\\\/uploads\\\/2014\\\/10\\\/ikony-atypicka-garaz-garazenakluc.png\",\"datePublished\":\"2026-04-23T16:12:23+00:00\",\"dateModified\":\"2026-04-25T08:24:10+00:00\",\"description\":\"Nie wybrali Pa\u0144stwo z naszej oferty typowych wymiar\u00f3w? Zbudujemy konstrukcj\u0119 na wymiar, dok\u0142adnie wed\u0142ug Pa\u0144stwa wymaga\u0144 w rekordowo kr\u00f3tkim czasie - tylko w 1 dzie\u0144!\",\"breadcrumb\":{\"@id\":\"https:\\\/\\\/gardeon.pl\\\/pl\\\/garaze\\\/na-wymiar\\\/#breadcrumb\"},\"inLanguage\":\"pl-PL\",\"potentialAction\":[{\"@type\":\"ReadAction\",\"target\":[\"https:\\\/\\\/gardeon.pl\\\/pl\\\/garaze\\\/na-wymiar\\\/\"]}]},{\"@type\":\"ImageObject\",\"inLanguage\":\"pl-PL\",\"@id\":\"https:\\\/\\\/gardeon.pl\\\/pl\\\/garaze\\\/na-wymiar\\\/#primaryimage\",\"url\":\"https:\\\/\\\/gardeon.pl\\\/wp-content\\\/uploads\\\/2014\\\/10\\\/ikony-atypicka-garaz-garazenakluc.png\",\"contentUrl\":\"https:\\\/\\\/gardeon.pl\\\/wp-content\\\/uploads\\\/2014\\\/10\\\/ikony-atypicka-garaz-garazenakluc.png\",\"width\":228,\"height\":160,\"caption\":\"Gara\u017c jednostandowiskowy na wymiar z wiat\u0105\"},{\"@type\":\"BreadcrumbList\",\"@id\":\"https:\\\/\\\/gardeon.pl\\\/pl\\\/garaze\\\/na-wymiar\\\/#breadcrumb\",\"itemListElement\":[{\"@type\":\"ListItem\",\"position\":1,\"name\":\"Domov\",\"item\":\"https:\\\/\\\/gardeon.pl\\\/pl\\\/\"},{\"@type\":\"ListItem\",\"position\":2,\"name\":\"Gara\u017ce\",\"item\":\"https:\\\/\\\/gardeon.pl\\\/pl\\\/garaze\\\/\"},{\"@type\":\"ListItem\",\"position\":3,\"name\":\"Na wymiar\"}]},{\"@type\":\"WebSite\",\"@id\":\"https:\\\/\\\/gardeon.pl\\\/#website\",\"url\":\"https:\\\/\\\/gardeon.pl\\\/\",\"name\":\"GARDEON\",\"description\":\"\",\"potentialAction\":[{\"@type\":\"SearchAction\",\"target\":{\"@type\":\"EntryPoint\",\"urlTemplate\":\"https:\\\/\\\/gardeon.pl\\\/?s={search_term_string}\"},\"query-input\":{\"@type\":\"PropertyValueSpecification\",\"valueRequired\":true,\"valueName\":\"search_term_string\"}}],\"inLanguage\":\"pl-PL\"}]}<\/script>\n<!-- \/ Yoast SEO plugin. -->","yoast_head_json":{"title":"Atypowe gara\u017ce na wymiar i montowane magazyny | GARDEON","description":"Nie wybrali Pa\u0144stwo z naszej oferty typowych wymiar\u00f3w? Zbudujemy konstrukcj\u0119 na wymiar, dok\u0142adnie wed\u0142ug Pa\u0144stwa wymaga\u0144 w rekordowo kr\u00f3tkim czasie - tylko w 1 dzie\u0144!","robots":{"index":"index","follow":"follow","max-snippet":"max-snippet:-1","max-image-preview":"max-image-preview:large","max-video-preview":"max-video-preview:-1"},"canonical":"https:\/\/gardeon.pl\/pl\/garaze\/na-wymiar\/","og_locale":"pl_PL","og_type":"article","og_title":"Atypowe gara\u017ce na wymiar i montowane magazyny | GARDEON","og_description":"Nie wybrali Pa\u0144stwo z naszej oferty typowych wymiar\u00f3w? Zbudujemy konstrukcj\u0119 na wymiar, dok\u0142adnie wed\u0142ug Pa\u0144stwa wymaga\u0144 w rekordowo kr\u00f3tkim czasie - tylko w 1 dzie\u0144!","og_url":"https:\/\/gardeon.pl\/pl\/garaze\/na-wymiar\/","og_site_name":"GARDEON","article_modified_time":"2026-04-25T08:24:10+00:00","og_image":[{"width":228,"height":160,"url":"https:\/\/gardeon.pl\/wp-content\/uploads\/2014\/10\/ikony-atypicka-garaz-garazenakluc.png","type":"image\/png"}],"twitter_card":"summary_large_image","schema":{"@context":"https:\/\/schema.org","@graph":[{"@type":"WebPage","@id":"https:\/\/gardeon.pl\/pl\/garaze\/na-wymiar\/","url":"https:\/\/gardeon.pl\/pl\/garaze\/na-wymiar\/","name":"Atypowe gara\u017ce na wymiar i montowane magazyny | GARDEON","isPartOf":{"@id":"https:\/\/gardeon.pl\/#website"},"primaryImageOfPage":{"@id":"https:\/\/gardeon.pl\/pl\/garaze\/na-wymiar\/#primaryimage"},"image":{"@id":"https:\/\/gardeon.pl\/pl\/garaze\/na-wymiar\/#primaryimage"},"thumbnailUrl":"https:\/\/gardeon.pl\/wp-content\/uploads\/2014\/10\/ikony-atypicka-garaz-garazenakluc.png","datePublished":"2026-04-23T16:12:23+00:00","dateModified":"2026-04-25T08:24:10+00:00","description":"Nie wybrali Pa\u0144stwo z naszej oferty typowych wymiar\u00f3w? Zbudujemy konstrukcj\u0119 na wymiar, dok\u0142adnie wed\u0142ug Pa\u0144stwa wymaga\u0144 w rekordowo kr\u00f3tkim czasie - tylko w 1 dzie\u0144!","breadcrumb":{"@id":"https:\/\/gardeon.pl\/pl\/garaze\/na-wymiar\/#breadcrumb"},"inLanguage":"pl-PL","potentialAction":[{"@type":"ReadAction","target":["https:\/\/gardeon.pl\/pl\/garaze\/na-wymiar\/"]}]},{"@type":"ImageObject","inLanguage":"pl-PL","@id":"https:\/\/gardeon.pl\/pl\/garaze\/na-wymiar\/#primaryimage","url":"https:\/\/gardeon.pl\/wp-content\/uploads\/2014\/10\/ikony-atypicka-garaz-garazenakluc.png","contentUrl":"https:\/\/gardeon.pl\/wp-content\/uploads\/2014\/10\/ikony-atypicka-garaz-garazenakluc.png","width":228,"height":160,"caption":"Gara\u017c jednostandowiskowy na wymiar z wiat\u0105"},{"@type":"BreadcrumbList","@id":"https:\/\/gardeon.pl\/pl\/garaze\/na-wymiar\/#breadcrumb","itemListElement":[{"@type":"ListItem","position":1,"name":"Domov","item":"https:\/\/gardeon.pl\/pl\/"},{"@type":"ListItem","position":2,"name":"Gara\u017ce","item":"https:\/\/gardeon.pl\/pl\/garaze\/"},{"@type":"ListItem","position":3,"name":"Na wymiar"}]},{"@type":"WebSite","@id":"https:\/\/gardeon.pl\/#website","url":"https:\/\/gardeon.pl\/","name":"GARDEON","description":"","potentialAction":[{"@type":"SearchAction","target":{"@type":"EntryPoint","urlTemplate":"https:\/\/gardeon.pl\/?s={search_term_string}"},"query-input":{"@type":"PropertyValueSpecification","valueRequired":true,"valueName":"search_term_string"}}],"inLanguage":"pl-PL"}]}},"_links":{"self":[{"href":"https:\/\/gardeon.pl\/pl\/wp-json\/wp\/v2\/pages\/49956","targetHints":{"allow":["GET"]}}],"collection":[{"href":"https:\/\/gardeon.pl\/pl\/wp-json\/wp\/v2\/pages"}],"about":[{"href":"https:\/\/gardeon.pl\/pl\/wp-json\/wp\/v2\/types\/page"}],"author":[{"embeddable":true,"href":"https:\/\/gardeon.pl\/pl\/wp-json\/wp\/v2\/users\/1"}],"replies":[{"embeddable":true,"href":"https:\/\/gardeon.pl\/pl\/wp-json\/wp\/v2\/comments?post=49956"}],"version-history":[{"count":0,"href":"https:\/\/gardeon.pl\/pl\/wp-json\/wp\/v2\/pages\/49956\/revisions"}],"up":[{"embeddable":true,"href":"https:\/\/gardeon.pl\/pl\/wp-json\/wp\/v2\/pages\/50131"}],"wp:featuredmedia":[{"embeddable":true,"href":"https:\/\/gardeon.pl\/pl\/wp-json\/wp\/v2\/media\/49991"}],"wp:attachment":[{"href":"https:\/\/gardeon.pl\/pl\/wp-json\/wp\/v2\/media?parent=49956"}],"curies":[{"name":"wp","href":"https:\/\/api.w.org\/{rel}","templated":true}]}}

<!-- This site is optimized with the Yoast SEO plugin v27.4 - https://yoast.com/product/yoast-seo-wordpress/ -->
<title>Atypowe garaże na wymiar i montowane magazyny | GARDEON</title>
<meta name="description" content="Nie wybrali Państwo z naszej oferty typowych wymiarów? Zbudujemy konstrukcję na wymiar, dokładnie według Państwa wymagań w rekordowo krótkim czasie - tylko w 1 dzień!" />
<meta name="robots" content="index, follow, max-snippet:-1, max-image-preview:large, max-video-preview:-1" />
<link rel="canonical" href="https://gardeon.pl/pl/garaze/na-wymiar/" />
<meta property="og:locale" content="pl_PL" />
<meta property="og:type" content="article" />
<meta property="og:title" content="Atypowe garaże na wymiar i montowane magazyny | GARDEON" />
<meta property="og:description" content="Nie wybrali Państwo z naszej oferty typowych wymiarów? Zbudujemy konstrukcję na wymiar, dokładnie według Państwa wymagań w rekordowo krótkim czasie - tylko w 1 dzień!" />
<meta property="og:url" content="https://gardeon.pl/pl/garaze/na-wymiar/" />
<meta property="og:site_name" content="GARDEON" />
<meta property="article:modified_time" content="2026-04-25T08:24:10+00:00" />
<meta property="og:image" content="https://gardeon.pl/wp-content/uploads/2014/10/ikony-atypicka-garaz-garazenakluc.png" />
	<meta property="og:image:width" content="228" />
	<meta property="og:image:height" content="160" />
	<meta property="og:image:type" content="image/png" />
<meta name="twitter:card" content="summary_large_image" />
<script type="application/ld+json" class="yoast-schema-graph">{"@context":"https:\/\/schema.org","@graph":[{"@type":"WebPage","@id":"https:\/\/gardeon.pl\/pl\/garaze\/na-wymiar\/","url":"https:\/\/gardeon.pl\/pl\/garaze\/na-wymiar\/","name":"Atypowe garaże na wymiar i montowane magazyny | GARDEON","isPartOf":{"@id":"https:\/\/gardeon.pl\/#website"},"primaryImageOfPage":{"@id":"https:\/\/gardeon.pl\/pl\/garaze\/na-wymiar\/#primaryimage"},"image":{"@id":"https:\/\/gardeon.pl\/pl\/garaze\/na-wymiar\/#primaryimage"},"thumbnailUrl":"https:\/\/gardeon.pl\/wp-content\/uploads\/2014\/10\/ikony-atypicka-garaz-garazenakluc.png","datePublished":"2026-04-23T16:12:23+00:00","dateModified":"2026-04-25T08:24:10+00:00","description":"Nie wybrali Państwo z naszej oferty typowych wymiarów? Zbudujemy konstrukcję na wymiar, dokładnie według Państwa wymagań w rekordowo krótkim czasie - tylko w 1 dzień!","breadcrumb":{"@id":"https:\/\/gardeon.pl\/pl\/garaze\/na-wymiar\/#breadcrumb"},"inLanguage":"pl-PL","potentialAction":[{"@type":"ReadAction","target":["https:\/\/gardeon.pl\/pl\/garaze\/na-wymiar\/"]}]},{"@type":"ImageObject","inLanguage":"pl-PL","@id":"https:\/\/gardeon.pl\/pl\/garaze\/na-wymiar\/#primaryimage","url":"https:\/\/gardeon.pl\/wp-content\/uploads\/2014\/10\/ikony-atypicka-garaz-garazenakluc.png","contentUrl":"https:\/\/gardeon.pl\/wp-content\/uploads\/2014\/10\/ikony-atypicka-garaz-garazenakluc.png","width":228,"height":160,"caption":"Garaż jednostandowiskowy na wymiar z wiatą"},{"@type":"BreadcrumbList","@id":"https:\/\/gardeon.pl\/pl\/garaze\/na-wymiar\/#breadcrumb","itemListElement":[{"@type":"ListItem","position":1,"name":"Domov","item":"https:\/\/gardeon.pl\/pl\/"},{"@type":"ListItem","position":2,"name":"Garaże","item":"https:\/\/gardeon.pl\/pl\/garaze\/"},{"@type":"ListItem","position":3,"name":"Na wymiar"}]},{"@type":"WebSite","@id":"https:\/\/gardeon.pl\/#website","url":"https:\/\/gardeon.pl\/","name":"GARDEON","description":"","potentialAction":[{"@type":"SearchAction","target":{"@type":"EntryPoint","urlTemplate":"https:\/\/gardeon.pl\/?s={search_term_string}"},"query-input":{"@type":"PropertyValueSpecification","valueRequired":true,"valueName":"search_term_string"}}],"inLanguage":"pl-PL"}]}</script>
<!-- / Yoast SEO plugin. -->

Atypowe garaże na wymiar i montowane magazyny | GARDEON

Nie wybrali Państwo z naszej oferty typowych wymiarów? Zbudujemy konstrukcję na wymiar, dokładnie według Państwa wymagań w rekordowo krótkim czasie - tylko w 1 dzień!

Garaż jednostandowiskowy na wymiar z wiatą

Garaże
