{"id":50042,"date":"2026-04-23T18:13:21","date_gmt":"2026-04-23T16:13:21","guid":{"rendered":"https:\/\/gardeon.pl\/jak-dbac-o-garaz\/system-wentylacji-garazu\/"},"modified":"2026-04-25T10:41:46","modified_gmt":"2026-04-25T08:41:46","slug":"system-wentylacji-garazu","status":"publish","type":"page","link":"https:\/\/gardeon.pl\/pl\/garaze\/jak-dbac-o-garaz\/system-wentylacji-garazu\/","title":{"rendered":"System wentylacji gara\u017cu"},"content":{"rendered":"","protected":false},"excerpt":{"rendered":"","protected":false},"author":2,"featured_media":0,"parent":49932,"menu_order":9,"comment_status":"open","ping_status":"open","template":"page-sidebar.php","meta":{"_acf_changed":false,"inline_featured_image":false,"footnotes":""},"class_list":["post-50042","page","type-page","status-publish","hentry"],"acf":[],"yoast_head":"<!-- This site is optimized with the Yoast SEO plugin v27.4 - https:\/\/yoast.com\/product\/yoast-seo-wordpress\/ -->\n<title>Jak wentylowa\u0107 gara\u017c? | GARDEON<\/title>\n<meta name=\"description\" content=\"Jak zapobiega\u0107 powstawaniu ple\u015bni i nadmiernej wilgoci w gara\u017cu modu\u0142owym? Dlaczego system wentylacji jest nieod\u0142\u0105cznym elementem ka\u017cdego gara\u017cu wysokiej jako\u015bci?\" \/>\n<meta name=\"robots\" content=\"index, follow, max-snippet:-1, max-image-preview:large, max-video-preview:-1\" \/>\n<link rel=\"canonical\" href=\"https:\/\/gardeon.pl\/pl\/garaze\/jak-dbac-o-garaz\/system-wentylacji-garazu\/\" \/>\n<meta property=\"og:locale\" content=\"pl_PL\" \/>\n<meta property=\"og:type\" content=\"article\" \/>\n<meta property=\"og:title\" content=\"Jak wentylowa\u0107 gara\u017c? | GARDEON\" \/>\n<meta property=\"og:description\" content=\"Jak zapobiega\u0107 powstawaniu ple\u015bni i nadmiernej wilgoci w gara\u017cu modu\u0142owym? Dlaczego system wentylacji jest nieod\u0142\u0105cznym elementem ka\u017cdego gara\u017cu wysokiej jako\u015bci?\" \/>\n<meta property=\"og:url\" content=\"https:\/\/gardeon.pl\/pl\/garaze\/jak-dbac-o-garaz\/system-wentylacji-garazu\/\" \/>\n<meta property=\"og:site_name\" content=\"GARDEON\" \/>\n<meta property=\"article:modified_time\" content=\"2026-04-25T08:41:46+00:00\" \/>\n<meta property=\"og:image\" content=\"https:\/\/gardeon.pl\/wp-content\/uploads\/2022\/12\/gardeon-background-2-scaled.jpeg\" \/>\n\t<meta property=\"og:image:width\" content=\"2560\" \/>\n\t<meta property=\"og:image:height\" content=\"1440\" \/>\n\t<meta property=\"og:image:type\" content=\"image\/jpeg\" \/>\n<meta name=\"twitter:card\" content=\"summary_large_image\" \/>\n<script type=\"application\/ld+json\" class=\"yoast-schema-graph\">{\"@context\":\"https:\\\/\\\/schema.org\",\"@graph\":[{\"@type\":\"WebPage\",\"@id\":\"https:\\\/\\\/gardeon.pl\\\/pl\\\/garaze\\\/jak-dbac-o-garaz\\\/system-wentylacji-garazu\\\/\",\"url\":\"https:\\\/\\\/gardeon.pl\\\/pl\\\/garaze\\\/jak-dbac-o-garaz\\\/system-wentylacji-garazu\\\/\",\"name\":\"Jak wentylowa\u0107 gara\u017c? | GARDEON\",\"isPartOf\":{\"@id\":\"https:\\\/\\\/gardeon.pl\\\/#website\"},\"datePublished\":\"2026-04-23T16:13:21+00:00\",\"dateModified\":\"2026-04-25T08:41:46+00:00\",\"description\":\"Jak zapobiega\u0107 powstawaniu ple\u015bni i nadmiernej wilgoci w gara\u017cu modu\u0142owym? Dlaczego system wentylacji jest nieod\u0142\u0105cznym elementem ka\u017cdego gara\u017cu wysokiej jako\u015bci?\",\"breadcrumb\":{\"@id\":\"https:\\\/\\\/gardeon.pl\\\/pl\\\/garaze\\\/jak-dbac-o-garaz\\\/system-wentylacji-garazu\\\/#breadcrumb\"},\"inLanguage\":\"pl-PL\",\"potentialAction\":[{\"@type\":\"ReadAction\",\"target\":[\"https:\\\/\\\/gardeon.pl\\\/pl\\\/garaze\\\/jak-dbac-o-garaz\\\/system-wentylacji-garazu\\\/\"]}]},{\"@type\":\"BreadcrumbList\",\"@id\":\"https:\\\/\\\/gardeon.pl\\\/pl\\\/garaze\\\/jak-dbac-o-garaz\\\/system-wentylacji-garazu\\\/#breadcrumb\",\"itemListElement\":[{\"@type\":\"ListItem\",\"position\":1,\"name\":\"Domov\",\"item\":\"https:\\\/\\\/gardeon.pl\\\/pl\\\/\"},{\"@type\":\"ListItem\",\"position\":2,\"name\":\"Gara\u017ce\",\"item\":\"https:\\\/\\\/gardeon.pl\\\/pl\\\/garaze\\\/\"},{\"@type\":\"ListItem\",\"position\":3,\"name\":\"Jak dba\u0107 o gara\u017c?\",\"item\":\"https:\\\/\\\/gardeon.pl\\\/pl\\\/garaze\\\/jak-dbac-o-garaz\\\/\"},{\"@type\":\"ListItem\",\"position\":4,\"name\":\"System wentylacji gara\u017cu\"}]},{\"@type\":\"WebSite\",\"@id\":\"https:\\\/\\\/gardeon.pl\\\/#website\",\"url\":\"https:\\\/\\\/gardeon.pl\\\/\",\"name\":\"GARDEON\",\"description\":\"\",\"potentialAction\":[{\"@type\":\"SearchAction\",\"target\":{\"@type\":\"EntryPoint\",\"urlTemplate\":\"https:\\\/\\\/gardeon.pl\\\/?s={search_term_string}\"},\"query-input\":{\"@type\":\"PropertyValueSpecification\",\"valueRequired\":true,\"valueName\":\"search_term_string\"}}],\"inLanguage\":\"pl-PL\"}]}<\/script>\n<!-- \/ Yoast SEO plugin. -->","yoast_head_json":{"title":"Jak wentylowa\u0107 gara\u017c? | GARDEON","description":"Jak zapobiega\u0107 powstawaniu ple\u015bni i nadmiernej wilgoci w gara\u017cu modu\u0142owym? Dlaczego system wentylacji jest nieod\u0142\u0105cznym elementem ka\u017cdego gara\u017cu wysokiej jako\u015bci?","robots":{"index":"index","follow":"follow","max-snippet":"max-snippet:-1","max-image-preview":"max-image-preview:large","max-video-preview":"max-video-preview:-1"},"canonical":"https:\/\/gardeon.pl\/pl\/garaze\/jak-dbac-o-garaz\/system-wentylacji-garazu\/","og_locale":"pl_PL","og_type":"article","og_title":"Jak wentylowa\u0107 gara\u017c? | GARDEON","og_description":"Jak zapobiega\u0107 powstawaniu ple\u015bni i nadmiernej wilgoci w gara\u017cu modu\u0142owym? Dlaczego system wentylacji jest nieod\u0142\u0105cznym elementem ka\u017cdego gara\u017cu wysokiej jako\u015bci?","og_url":"https:\/\/gardeon.pl\/pl\/garaze\/jak-dbac-o-garaz\/system-wentylacji-garazu\/","og_site_name":"GARDEON","article_modified_time":"2026-04-25T08:41:46+00:00","og_image":[{"width":2560,"height":1440,"url":"https:\/\/gardeon.pl\/wp-content\/uploads\/2022\/12\/gardeon-background-2-scaled.jpeg","type":"image\/jpeg"}],"twitter_card":"summary_large_image","schema":{"@context":"https:\/\/schema.org","@graph":[{"@type":"WebPage","@id":"https:\/\/gardeon.pl\/pl\/garaze\/jak-dbac-o-garaz\/system-wentylacji-garazu\/","url":"https:\/\/gardeon.pl\/pl\/garaze\/jak-dbac-o-garaz\/system-wentylacji-garazu\/","name":"Jak wentylowa\u0107 gara\u017c? | GARDEON","isPartOf":{"@id":"https:\/\/gardeon.pl\/#website"},"datePublished":"2026-04-23T16:13:21+00:00","dateModified":"2026-04-25T08:41:46+00:00","description":"Jak zapobiega\u0107 powstawaniu ple\u015bni i nadmiernej wilgoci w gara\u017cu modu\u0142owym? Dlaczego system wentylacji jest nieod\u0142\u0105cznym elementem ka\u017cdego gara\u017cu wysokiej jako\u015bci?","breadcrumb":{"@id":"https:\/\/gardeon.pl\/pl\/garaze\/jak-dbac-o-garaz\/system-wentylacji-garazu\/#breadcrumb"},"inLanguage":"pl-PL","potentialAction":[{"@type":"ReadAction","target":["https:\/\/gardeon.pl\/pl\/garaze\/jak-dbac-o-garaz\/system-wentylacji-garazu\/"]}]},{"@type":"BreadcrumbList","@id":"https:\/\/gardeon.pl\/pl\/garaze\/jak-dbac-o-garaz\/system-wentylacji-garazu\/#breadcrumb","itemListElement":[{"@type":"ListItem","position":1,"name":"Domov","item":"https:\/\/gardeon.pl\/pl\/"},{"@type":"ListItem","position":2,"name":"Gara\u017ce","item":"https:\/\/gardeon.pl\/pl\/garaze\/"},{"@type":"ListItem","position":3,"name":"Jak dba\u0107 o gara\u017c?","item":"https:\/\/gardeon.pl\/pl\/garaze\/jak-dbac-o-garaz\/"},{"@type":"ListItem","position":4,"name":"System wentylacji gara\u017cu"}]},{"@type":"WebSite","@id":"https:\/\/gardeon.pl\/#website","url":"https:\/\/gardeon.pl\/","name":"GARDEON","description":"","potentialAction":[{"@type":"SearchAction","target":{"@type":"EntryPoint","urlTemplate":"https:\/\/gardeon.pl\/?s={search_term_string}"},"query-input":{"@type":"PropertyValueSpecification","valueRequired":true,"valueName":"search_term_string"}}],"inLanguage":"pl-PL"}]}},"_links":{"self":[{"href":"https:\/\/gardeon.pl\/pl\/wp-json\/wp\/v2\/pages\/50042","targetHints":{"allow":["GET"]}}],"collection":[{"href":"https:\/\/gardeon.pl\/pl\/wp-json\/wp\/v2\/pages"}],"about":[{"href":"https:\/\/gardeon.pl\/pl\/wp-json\/wp\/v2\/types\/page"}],"author":[{"embeddable":true,"href":"https:\/\/gardeon.pl\/pl\/wp-json\/wp\/v2\/users\/2"}],"replies":[{"embeddable":true,"href":"https:\/\/gardeon.pl\/pl\/wp-json\/wp\/v2\/comments?post=50042"}],"version-history":[{"count":0,"href":"https:\/\/gardeon.pl\/pl\/wp-json\/wp\/v2\/pages\/50042\/revisions"}],"up":[{"embeddable":true,"href":"https:\/\/gardeon.pl\/pl\/wp-json\/wp\/v2\/pages\/49932"}],"wp:attachment":[{"href":"https:\/\/gardeon.pl\/pl\/wp-json\/wp\/v2\/media?parent=50042"}],"curies":[{"name":"wp","href":"https:\/\/api.w.org\/{rel}","templated":true}]}}

System wentylacji garażu

<!-- This site is optimized with the Yoast SEO plugin v27.4 - https://yoast.com/product/yoast-seo-wordpress/ -->
<title>Jak wentylować garaż? | GARDEON</title>
<meta name="description" content="Jak zapobiegać powstawaniu pleśni i nadmiernej wilgoci w garażu modułowym? Dlaczego system wentylacji jest nieodłącznym elementem każdego garażu wysokiej jakości?" />
<meta name="robots" content="index, follow, max-snippet:-1, max-image-preview:large, max-video-preview:-1" />
<link rel="canonical" href="https://gardeon.pl/pl/garaze/jak-dbac-o-garaz/system-wentylacji-garazu/" />
<meta property="og:locale" content="pl_PL" />
<meta property="og:type" content="article" />
<meta property="og:title" content="Jak wentylować garaż? | GARDEON" />
<meta property="og:description" content="Jak zapobiegać powstawaniu pleśni i nadmiernej wilgoci w garażu modułowym? Dlaczego system wentylacji jest nieodłącznym elementem każdego garażu wysokiej jakości?" />
<meta property="og:url" content="https://gardeon.pl/pl/garaze/jak-dbac-o-garaz/system-wentylacji-garazu/" />
<meta property="og:site_name" content="GARDEON" />
<meta property="article:modified_time" content="2026-04-25T08:41:46+00:00" />
<meta property="og:image" content="https://gardeon.pl/wp-content/uploads/2022/12/gardeon-background-2-scaled.jpeg" />
	<meta property="og:image:width" content="2560" />
	<meta property="og:image:height" content="1440" />
	<meta property="og:image:type" content="image/jpeg" />
<meta name="twitter:card" content="summary_large_image" />
<script type="application/ld+json" class="yoast-schema-graph">{"@context":"https:\/\/schema.org","@graph":[{"@type":"WebPage","@id":"https:\/\/gardeon.pl\/pl\/garaze\/jak-dbac-o-garaz\/system-wentylacji-garazu\/","url":"https:\/\/gardeon.pl\/pl\/garaze\/jak-dbac-o-garaz\/system-wentylacji-garazu\/","name":"Jak wentylować garaż? | GARDEON","isPartOf":{"@id":"https:\/\/gardeon.pl\/#website"},"datePublished":"2026-04-23T16:13:21+00:00","dateModified":"2026-04-25T08:41:46+00:00","description":"Jak zapobiegać powstawaniu pleśni i nadmiernej wilgoci w garażu modułowym? Dlaczego system wentylacji jest nieodłącznym elementem każdego garażu wysokiej jakości?","breadcrumb":{"@id":"https:\/\/gardeon.pl\/pl\/garaze\/jak-dbac-o-garaz\/system-wentylacji-garazu\/#breadcrumb"},"inLanguage":"pl-PL","potentialAction":[{"@type":"ReadAction","target":["https:\/\/gardeon.pl\/pl\/garaze\/jak-dbac-o-garaz\/system-wentylacji-garazu\/"]}]},{"@type":"BreadcrumbList","@id":"https:\/\/gardeon.pl\/pl\/garaze\/jak-dbac-o-garaz\/system-wentylacji-garazu\/#breadcrumb","itemListElement":[{"@type":"ListItem","position":1,"name":"Domov","item":"https:\/\/gardeon.pl\/pl\/"},{"@type":"ListItem","position":2,"name":"Garaże","item":"https:\/\/gardeon.pl\/pl\/garaze\/"},{"@type":"ListItem","position":3,"name":"Jak dbać o garaż?","item":"https:\/\/gardeon.pl\/pl\/garaze\/jak-dbac-o-garaz\/"},{"@type":"ListItem","position":4,"name":"System wentylacji garażu"}]},{"@type":"WebSite","@id":"https:\/\/gardeon.pl\/#website","url":"https:\/\/gardeon.pl\/","name":"GARDEON","description":"","potentialAction":[{"@type":"SearchAction","target":{"@type":"EntryPoint","urlTemplate":"https:\/\/gardeon.pl\/?s={search_term_string}"},"query-input":{"@type":"PropertyValueSpecification","valueRequired":true,"valueName":"search_term_string"}}],"inLanguage":"pl-PL"}]}</script>
<!-- / Yoast SEO plugin. -->

Jak wentylować garaż? | GARDEON

Jak zapobiegać powstawaniu pleśni i nadmiernej wilgoci w garażu modułowym? Dlaczego system wentylacji jest nieodłącznym elementem każdego garażu wysokiej jakości?

Garaże

Jak dbać o garaż?
