{"id":50398,"date":"2026-04-23T18:14:25","date_gmt":"2026-04-23T16:14:25","guid":{"rendered":"https:\/\/gardeon.pl\/z-dachem-plaskim\/"},"modified":"2026-04-25T10:38:36","modified_gmt":"2026-04-25T08:38:36","slug":"z-dachem-plaskim","status":"publish","type":"page","link":"https:\/\/gardeon.pl\/pl\/domki-ogrodowe-na-narzedzia\/z-dachem-plaskim\/","title":{"rendered":"Z p\u0142askim dachem"},"content":{"rendered":"","protected":false},"excerpt":{"rendered":"","protected":false},"author":1,"featured_media":50399,"parent":51181,"menu_order":0,"comment_status":"closed","ping_status":"closed","template":"","meta":{"_acf_changed":false,"inline_featured_image":false,"footnotes":""},"class_list":["post-50398","page","type-page","status-publish","has-post-thumbnail","hentry"],"acf":[],"yoast_head":"<!-- This site is optimized with the Yoast SEO plugin v27.4 - https:\/\/yoast.com\/product\/yoast-seo-wordpress\/ -->\n<title>Domki ogrodowe z p\u0142askim dachem | GARDEON<\/title>\n<meta name=\"description\" content=\"Montowany domek ogrodowy z p\u0142askim dachem zachwyci niejednego mi\u0142o\u015bnika nowoczesnej architektury. Harmonijnie wkomponuje si\u0119 w r\u00f3\u017cne otoczenia \u2013 wystarczy wybra\u0107.\" \/>\n<meta name=\"robots\" content=\"index, follow, max-snippet:-1, max-image-preview:large, max-video-preview:-1\" \/>\n<link rel=\"canonical\" href=\"https:\/\/gardeon.pl\/pl\/domki-ogrodowe-na-narzedzia\/z-dachem-plaskim\/\" \/>\n<meta property=\"og:locale\" content=\"pl_PL\" \/>\n<meta property=\"og:type\" content=\"article\" \/>\n<meta property=\"og:title\" content=\"Domki ogrodowe z p\u0142askim dachem | GARDEON\" \/>\n<meta property=\"og:description\" content=\"Montowany domek ogrodowy z p\u0142askim dachem zachwyci niejednego mi\u0142o\u015bnika nowoczesnej architektury. Harmonijnie wkomponuje si\u0119 w r\u00f3\u017cne otoczenia \u2013 wystarczy wybra\u0107.\" \/>\n<meta property=\"og:url\" content=\"https:\/\/gardeon.pl\/pl\/domki-ogrodowe-na-narzedzia\/z-dachem-plaskim\/\" \/>\n<meta property=\"og:site_name\" content=\"GARDEON\" \/>\n<meta property=\"article:modified_time\" content=\"2026-04-25T08:38:36+00:00\" \/>\n<meta property=\"og:image\" content=\"http:\/\/gardeon.pl\/wp-content\/uploads\/2019\/09\/gardeon_logo_basic-copy.jpg\" \/>\n<meta name=\"twitter:card\" content=\"summary_large_image\" \/>\n<script type=\"application\/ld+json\" class=\"yoast-schema-graph\">{\"@context\":\"https:\\\/\\\/schema.org\",\"@graph\":[{\"@type\":\"WebPage\",\"@id\":\"https:\\\/\\\/gardeon.pl\\\/pl\\\/domki-ogrodowe-na-narzedzia\\\/z-dachem-plaskim\\\/\",\"url\":\"https:\\\/\\\/gardeon.pl\\\/pl\\\/domki-ogrodowe-na-narzedzia\\\/z-dachem-plaskim\\\/\",\"name\":\"Domki ogrodowe z p\u0142askim dachem | GARDEON\",\"isPartOf\":{\"@id\":\"https:\\\/\\\/gardeon.pl\\\/#website\"},\"primaryImageOfPage\":{\"@id\":\"https:\\\/\\\/gardeon.pl\\\/pl\\\/domki-ogrodowe-na-narzedzia\\\/z-dachem-plaskim\\\/#primaryimage\"},\"image\":{\"@id\":\"https:\\\/\\\/gardeon.pl\\\/pl\\\/domki-ogrodowe-na-narzedzia\\\/z-dachem-plaskim\\\/#primaryimage\"},\"thumbnailUrl\":\"https:\\\/\\\/gardeon.pl\\\/wp-content\\\/uploads\\\/2016\\\/10\\\/domcek-pult-okno-biela-copy.jpg\",\"datePublished\":\"2026-04-23T16:14:25+00:00\",\"dateModified\":\"2026-04-25T08:38:36+00:00\",\"description\":\"Montowany domek ogrodowy z p\u0142askim dachem zachwyci niejednego mi\u0142o\u015bnika nowoczesnej architektury. Harmonijnie wkomponuje si\u0119 w r\u00f3\u017cne otoczenia \u2013 wystarczy wybra\u0107.\",\"breadcrumb\":{\"@id\":\"https:\\\/\\\/gardeon.pl\\\/pl\\\/domki-ogrodowe-na-narzedzia\\\/z-dachem-plaskim\\\/#breadcrumb\"},\"inLanguage\":\"pl-PL\",\"potentialAction\":[{\"@type\":\"ReadAction\",\"target\":[\"https:\\\/\\\/gardeon.pl\\\/pl\\\/domki-ogrodowe-na-narzedzia\\\/z-dachem-plaskim\\\/\"]}]},{\"@type\":\"ImageObject\",\"inLanguage\":\"pl-PL\",\"@id\":\"https:\\\/\\\/gardeon.pl\\\/pl\\\/domki-ogrodowe-na-narzedzia\\\/z-dachem-plaskim\\\/#primaryimage\",\"url\":\"https:\\\/\\\/gardeon.pl\\\/wp-content\\\/uploads\\\/2016\\\/10\\\/domcek-pult-okno-biela-copy.jpg\",\"contentUrl\":\"https:\\\/\\\/gardeon.pl\\\/wp-content\\\/uploads\\\/2016\\\/10\\\/domcek-pult-okno-biela-copy.jpg\",\"width\":150,\"height\":75,\"caption\":\"Z\u00e1hradn\u00fd dom\u010dek s antracitov\u00fdm pr\u00edslu\u0161enstvom\"},{\"@type\":\"BreadcrumbList\",\"@id\":\"https:\\\/\\\/gardeon.pl\\\/pl\\\/domki-ogrodowe-na-narzedzia\\\/z-dachem-plaskim\\\/#breadcrumb\",\"itemListElement\":[{\"@type\":\"ListItem\",\"position\":1,\"name\":\"Domov\",\"item\":\"https:\\\/\\\/gardeon.pl\\\/pl\\\/\"},{\"@type\":\"ListItem\",\"position\":2,\"name\":\"Domki ogrodowe na narz\u0119dzia\",\"item\":\"https:\\\/\\\/gardeon.pl\\\/pl\\\/domki-ogrodowe-na-narzedzia\\\/\"},{\"@type\":\"ListItem\",\"position\":3,\"name\":\"Z p\u0142askim dachem\"}]},{\"@type\":\"WebSite\",\"@id\":\"https:\\\/\\\/gardeon.pl\\\/#website\",\"url\":\"https:\\\/\\\/gardeon.pl\\\/\",\"name\":\"GARDEON\",\"description\":\"\",\"potentialAction\":[{\"@type\":\"SearchAction\",\"target\":{\"@type\":\"EntryPoint\",\"urlTemplate\":\"https:\\\/\\\/gardeon.pl\\\/?s={search_term_string}\"},\"query-input\":{\"@type\":\"PropertyValueSpecification\",\"valueRequired\":true,\"valueName\":\"search_term_string\"}}],\"inLanguage\":\"pl-PL\"}]}<\/script>\n<!-- \/ Yoast SEO plugin. -->","yoast_head_json":{"title":"Domki ogrodowe z p\u0142askim dachem | GARDEON","description":"Montowany domek ogrodowy z p\u0142askim dachem zachwyci niejednego mi\u0142o\u015bnika nowoczesnej architektury. Harmonijnie wkomponuje si\u0119 w r\u00f3\u017cne otoczenia \u2013 wystarczy wybra\u0107.","robots":{"index":"index","follow":"follow","max-snippet":"max-snippet:-1","max-image-preview":"max-image-preview:large","max-video-preview":"max-video-preview:-1"},"canonical":"https:\/\/gardeon.pl\/pl\/domki-ogrodowe-na-narzedzia\/z-dachem-plaskim\/","og_locale":"pl_PL","og_type":"article","og_title":"Domki ogrodowe z p\u0142askim dachem | GARDEON","og_description":"Montowany domek ogrodowy z p\u0142askim dachem zachwyci niejednego mi\u0142o\u015bnika nowoczesnej architektury. Harmonijnie wkomponuje si\u0119 w r\u00f3\u017cne otoczenia \u2013 wystarczy wybra\u0107.","og_url":"https:\/\/gardeon.pl\/pl\/domki-ogrodowe-na-narzedzia\/z-dachem-plaskim\/","og_site_name":"GARDEON","article_modified_time":"2026-04-25T08:38:36+00:00","og_image":[{"url":"http:\/\/gardeon.pl\/wp-content\/uploads\/2019\/09\/gardeon_logo_basic-copy.jpg","type":"","width":"","height":""}],"twitter_card":"summary_large_image","schema":{"@context":"https:\/\/schema.org","@graph":[{"@type":"WebPage","@id":"https:\/\/gardeon.pl\/pl\/domki-ogrodowe-na-narzedzia\/z-dachem-plaskim\/","url":"https:\/\/gardeon.pl\/pl\/domki-ogrodowe-na-narzedzia\/z-dachem-plaskim\/","name":"Domki ogrodowe z p\u0142askim dachem | GARDEON","isPartOf":{"@id":"https:\/\/gardeon.pl\/#website"},"primaryImageOfPage":{"@id":"https:\/\/gardeon.pl\/pl\/domki-ogrodowe-na-narzedzia\/z-dachem-plaskim\/#primaryimage"},"image":{"@id":"https:\/\/gardeon.pl\/pl\/domki-ogrodowe-na-narzedzia\/z-dachem-plaskim\/#primaryimage"},"thumbnailUrl":"https:\/\/gardeon.pl\/wp-content\/uploads\/2016\/10\/domcek-pult-okno-biela-copy.jpg","datePublished":"2026-04-23T16:14:25+00:00","dateModified":"2026-04-25T08:38:36+00:00","description":"Montowany domek ogrodowy z p\u0142askim dachem zachwyci niejednego mi\u0142o\u015bnika nowoczesnej architektury. Harmonijnie wkomponuje si\u0119 w r\u00f3\u017cne otoczenia \u2013 wystarczy wybra\u0107.","breadcrumb":{"@id":"https:\/\/gardeon.pl\/pl\/domki-ogrodowe-na-narzedzia\/z-dachem-plaskim\/#breadcrumb"},"inLanguage":"pl-PL","potentialAction":[{"@type":"ReadAction","target":["https:\/\/gardeon.pl\/pl\/domki-ogrodowe-na-narzedzia\/z-dachem-plaskim\/"]}]},{"@type":"ImageObject","inLanguage":"pl-PL","@id":"https:\/\/gardeon.pl\/pl\/domki-ogrodowe-na-narzedzia\/z-dachem-plaskim\/#primaryimage","url":"https:\/\/gardeon.pl\/wp-content\/uploads\/2016\/10\/domcek-pult-okno-biela-copy.jpg","contentUrl":"https:\/\/gardeon.pl\/wp-content\/uploads\/2016\/10\/domcek-pult-okno-biela-copy.jpg","width":150,"height":75,"caption":"Z\u00e1hradn\u00fd dom\u010dek s antracitov\u00fdm pr\u00edslu\u0161enstvom"},{"@type":"BreadcrumbList","@id":"https:\/\/gardeon.pl\/pl\/domki-ogrodowe-na-narzedzia\/z-dachem-plaskim\/#breadcrumb","itemListElement":[{"@type":"ListItem","position":1,"name":"Domov","item":"https:\/\/gardeon.pl\/pl\/"},{"@type":"ListItem","position":2,"name":"Domki ogrodowe na narz\u0119dzia","item":"https:\/\/gardeon.pl\/pl\/domki-ogrodowe-na-narzedzia\/"},{"@type":"ListItem","position":3,"name":"Z p\u0142askim dachem"}]},{"@type":"WebSite","@id":"https:\/\/gardeon.pl\/#website","url":"https:\/\/gardeon.pl\/","name":"GARDEON","description":"","potentialAction":[{"@type":"SearchAction","target":{"@type":"EntryPoint","urlTemplate":"https:\/\/gardeon.pl\/?s={search_term_string}"},"query-input":{"@type":"PropertyValueSpecification","valueRequired":true,"valueName":"search_term_string"}}],"inLanguage":"pl-PL"}]}},"_links":{"self":[{"href":"https:\/\/gardeon.pl\/pl\/wp-json\/wp\/v2\/pages\/50398","targetHints":{"allow":["GET"]}}],"collection":[{"href":"https:\/\/gardeon.pl\/pl\/wp-json\/wp\/v2\/pages"}],"about":[{"href":"https:\/\/gardeon.pl\/pl\/wp-json\/wp\/v2\/types\/page"}],"author":[{"embeddable":true,"href":"https:\/\/gardeon.pl\/pl\/wp-json\/wp\/v2\/users\/1"}],"replies":[{"embeddable":true,"href":"https:\/\/gardeon.pl\/pl\/wp-json\/wp\/v2\/comments?post=50398"}],"version-history":[{"count":0,"href":"https:\/\/gardeon.pl\/pl\/wp-json\/wp\/v2\/pages\/50398\/revisions"}],"up":[{"embeddable":true,"href":"https:\/\/gardeon.pl\/pl\/wp-json\/wp\/v2\/pages\/51181"}],"wp:featuredmedia":[{"embeddable":true,"href":"https:\/\/gardeon.pl\/pl\/wp-json\/wp\/v2\/media\/50399"}],"wp:attachment":[{"href":"https:\/\/gardeon.pl\/pl\/wp-json\/wp\/v2\/media?parent=50398"}],"curies":[{"name":"wp","href":"https:\/\/api.w.org\/{rel}","templated":true}]}}

Z płaskim dachem

<!-- This site is optimized with the Yoast SEO plugin v27.4 - https://yoast.com/product/yoast-seo-wordpress/ -->
<title>Domki ogrodowe z płaskim dachem | GARDEON</title>
<meta name="description" content="Montowany domek ogrodowy z płaskim dachem zachwyci niejednego miłośnika nowoczesnej architektury. Harmonijnie wkomponuje się w różne otoczenia – wystarczy wybrać." />
<meta name="robots" content="index, follow, max-snippet:-1, max-image-preview:large, max-video-preview:-1" />
<link rel="canonical" href="https://gardeon.pl/pl/domki-ogrodowe-na-narzedzia/z-dachem-plaskim/" />
<meta property="og:locale" content="pl_PL" />
<meta property="og:type" content="article" />
<meta property="og:title" content="Domki ogrodowe z płaskim dachem | GARDEON" />
<meta property="og:description" content="Montowany domek ogrodowy z płaskim dachem zachwyci niejednego miłośnika nowoczesnej architektury. Harmonijnie wkomponuje się w różne otoczenia – wystarczy wybrać." />
<meta property="og:url" content="https://gardeon.pl/pl/domki-ogrodowe-na-narzedzia/z-dachem-plaskim/" />
<meta property="og:site_name" content="GARDEON" />
<meta property="article:modified_time" content="2026-04-25T08:38:36+00:00" />
<meta property="og:image" content="http://gardeon.pl/wp-content/uploads/2019/09/gardeon_logo_basic-copy.jpg" />
<meta name="twitter:card" content="summary_large_image" />
<script type="application/ld+json" class="yoast-schema-graph">{"@context":"https:\/\/schema.org","@graph":[{"@type":"WebPage","@id":"https:\/\/gardeon.pl\/pl\/domki-ogrodowe-na-narzedzia\/z-dachem-plaskim\/","url":"https:\/\/gardeon.pl\/pl\/domki-ogrodowe-na-narzedzia\/z-dachem-plaskim\/","name":"Domki ogrodowe z płaskim dachem | GARDEON","isPartOf":{"@id":"https:\/\/gardeon.pl\/#website"},"primaryImageOfPage":{"@id":"https:\/\/gardeon.pl\/pl\/domki-ogrodowe-na-narzedzia\/z-dachem-plaskim\/#primaryimage"},"image":{"@id":"https:\/\/gardeon.pl\/pl\/domki-ogrodowe-na-narzedzia\/z-dachem-plaskim\/#primaryimage"},"thumbnailUrl":"https:\/\/gardeon.pl\/wp-content\/uploads\/2016\/10\/domcek-pult-okno-biela-copy.jpg","datePublished":"2026-04-23T16:14:25+00:00","dateModified":"2026-04-25T08:38:36+00:00","description":"Montowany domek ogrodowy z płaskim dachem zachwyci niejednego miłośnika nowoczesnej architektury. Harmonijnie wkomponuje się w różne otoczenia – wystarczy wybrać.","breadcrumb":{"@id":"https:\/\/gardeon.pl\/pl\/domki-ogrodowe-na-narzedzia\/z-dachem-plaskim\/#breadcrumb"},"inLanguage":"pl-PL","potentialAction":[{"@type":"ReadAction","target":["https:\/\/gardeon.pl\/pl\/domki-ogrodowe-na-narzedzia\/z-dachem-plaskim\/"]}]},{"@type":"ImageObject","inLanguage":"pl-PL","@id":"https:\/\/gardeon.pl\/pl\/domki-ogrodowe-na-narzedzia\/z-dachem-plaskim\/#primaryimage","url":"https:\/\/gardeon.pl\/wp-content\/uploads\/2016\/10\/domcek-pult-okno-biela-copy.jpg","contentUrl":"https:\/\/gardeon.pl\/wp-content\/uploads\/2016\/10\/domcek-pult-okno-biela-copy.jpg","width":150,"height":75,"caption":"Záhradný domček s antracitovým príslušenstvom"},{"@type":"BreadcrumbList","@id":"https:\/\/gardeon.pl\/pl\/domki-ogrodowe-na-narzedzia\/z-dachem-plaskim\/#breadcrumb","itemListElement":[{"@type":"ListItem","position":1,"name":"Domov","item":"https:\/\/gardeon.pl\/pl\/"},{"@type":"ListItem","position":2,"name":"Domki ogrodowe na narzędzia","item":"https:\/\/gardeon.pl\/pl\/domki-ogrodowe-na-narzedzia\/"},{"@type":"ListItem","position":3,"name":"Z płaskim dachem"}]},{"@type":"WebSite","@id":"https:\/\/gardeon.pl\/#website","url":"https:\/\/gardeon.pl\/","name":"GARDEON","description":"","potentialAction":[{"@type":"SearchAction","target":{"@type":"EntryPoint","urlTemplate":"https:\/\/gardeon.pl\/?s={search_term_string}"},"query-input":{"@type":"PropertyValueSpecification","valueRequired":true,"valueName":"search_term_string"}}],"inLanguage":"pl-PL"}]}</script>
<!-- / Yoast SEO plugin. -->

Domki ogrodowe z płaskim dachem | GARDEON

Montowany domek ogrodowy z płaskim dachem zachwyci niejednego miłośnika nowoczesnej architektury. Harmonijnie wkomponuje się w różne otoczenia – wystarczy wybrać.

Záhradný domček s antracitovým príslušenstvom

Domki ogrodowe na narzędzia
