{"id":50473,"date":"2026-04-23T18:14:47","date_gmt":"2026-04-23T16:14:47","guid":{"rendered":"https:\/\/gardeon.pl\/garaze\/montowane-garaze-blaszane-z-tynkiem\/"},"modified":"2026-04-25T10:24:20","modified_gmt":"2026-04-25T08:24:20","slug":"montowane-garaze-blaszane-z-tynkiem","status":"publish","type":"page","link":"https:\/\/gardeon.pl\/pl\/garaze\/montowane-garaze-blaszane-z-tynkiem\/","title":{"rendered":"Montowane gara\u017ce blaszane z tynkiem"},"content":{"rendered":"","protected":false},"excerpt":{"rendered":"","protected":false},"author":1,"featured_media":0,"parent":50131,"menu_order":20,"comment_status":"open","ping_status":"closed","template":"","meta":{"_acf_changed":false,"inline_featured_image":false,"footnotes":""},"class_list":["post-50473","page","type-page","status-publish","hentry"],"acf":[],"yoast_head":"<!-- This site is optimized with the Yoast SEO plugin v27.4 - https:\/\/yoast.com\/product\/yoast-seo-wordpress\/ -->\n<title>Montowane gara\u017ce blaszane z tynkiem | GARDEON<\/title>\n<meta name=\"description\" content=\"Przemie\u0144 sw\u00f3j sen o gara\u017cu modu\u0142owym w rzeczywisto\u015b\u0107. Z naszej szerokiej oferty ka\u017cdy znajdzie co\u015b dla siebie. Ostateczny projekt i rozmieszczenie akcesori\u00f3w zale\u017cy od Ciebie!\" \/>\n<meta name=\"robots\" content=\"index, follow, max-snippet:-1, max-image-preview:large, max-video-preview:-1\" \/>\n<link rel=\"canonical\" href=\"https:\/\/gardeon.pl\/pl\/garaze\/montowane-garaze-blaszane-z-tynkiem\/\" \/>\n<meta property=\"og:locale\" content=\"pl_PL\" \/>\n<meta property=\"og:type\" content=\"article\" \/>\n<meta property=\"og:title\" content=\"Montowane gara\u017ce blaszane z tynkiem | GARDEON\" \/>\n<meta property=\"og:description\" content=\"Przemie\u0144 sw\u00f3j sen o gara\u017cu modu\u0142owym w rzeczywisto\u015b\u0107. Z naszej szerokiej oferty ka\u017cdy znajdzie co\u015b dla siebie. Ostateczny projekt i rozmieszczenie akcesori\u00f3w zale\u017cy od Ciebie!\" \/>\n<meta property=\"og:url\" content=\"https:\/\/gardeon.pl\/pl\/garaze\/montowane-garaze-blaszane-z-tynkiem\/\" \/>\n<meta property=\"og:site_name\" content=\"GARDEON\" \/>\n<meta property=\"article:modified_time\" content=\"2026-04-25T08:24:20+00:00\" \/>\n<meta property=\"og:image\" content=\"http:\/\/gardeon.pl\/wp-content\/uploads\/2019\/09\/gardeon_logo_basic-copy.jpg\" \/>\n<meta name=\"twitter:card\" content=\"summary_large_image\" \/>\n<script type=\"application\/ld+json\" class=\"yoast-schema-graph\">{\"@context\":\"https:\\\/\\\/schema.org\",\"@graph\":[{\"@type\":\"WebPage\",\"@id\":\"https:\\\/\\\/gardeon.pl\\\/pl\\\/garaze\\\/montowane-garaze-blaszane-z-tynkiem\\\/\",\"url\":\"https:\\\/\\\/gardeon.pl\\\/pl\\\/garaze\\\/montowane-garaze-blaszane-z-tynkiem\\\/\",\"name\":\"Montowane gara\u017ce blaszane z tynkiem | GARDEON\",\"isPartOf\":{\"@id\":\"https:\\\/\\\/gardeon.pl\\\/#website\"},\"datePublished\":\"2026-04-23T16:14:47+00:00\",\"dateModified\":\"2026-04-25T08:24:20+00:00\",\"description\":\"Przemie\u0144 sw\u00f3j sen o gara\u017cu modu\u0142owym w rzeczywisto\u015b\u0107. Z naszej szerokiej oferty ka\u017cdy znajdzie co\u015b dla siebie. Ostateczny projekt i rozmieszczenie akcesori\u00f3w zale\u017cy od Ciebie!\",\"breadcrumb\":{\"@id\":\"https:\\\/\\\/gardeon.pl\\\/pl\\\/garaze\\\/montowane-garaze-blaszane-z-tynkiem\\\/#breadcrumb\"},\"inLanguage\":\"pl-PL\",\"potentialAction\":[{\"@type\":\"ReadAction\",\"target\":[\"https:\\\/\\\/gardeon.pl\\\/pl\\\/garaze\\\/montowane-garaze-blaszane-z-tynkiem\\\/\"]}]},{\"@type\":\"BreadcrumbList\",\"@id\":\"https:\\\/\\\/gardeon.pl\\\/pl\\\/garaze\\\/montowane-garaze-blaszane-z-tynkiem\\\/#breadcrumb\",\"itemListElement\":[{\"@type\":\"ListItem\",\"position\":1,\"name\":\"Domov\",\"item\":\"https:\\\/\\\/gardeon.pl\\\/pl\\\/\"},{\"@type\":\"ListItem\",\"position\":2,\"name\":\"Gara\u017ce\",\"item\":\"https:\\\/\\\/gardeon.pl\\\/pl\\\/garaze\\\/\"},{\"@type\":\"ListItem\",\"position\":3,\"name\":\"Montowane gara\u017ce blaszane z tynkiem\"}]},{\"@type\":\"WebSite\",\"@id\":\"https:\\\/\\\/gardeon.pl\\\/#website\",\"url\":\"https:\\\/\\\/gardeon.pl\\\/\",\"name\":\"GARDEON\",\"description\":\"\",\"potentialAction\":[{\"@type\":\"SearchAction\",\"target\":{\"@type\":\"EntryPoint\",\"urlTemplate\":\"https:\\\/\\\/gardeon.pl\\\/?s={search_term_string}\"},\"query-input\":{\"@type\":\"PropertyValueSpecification\",\"valueRequired\":true,\"valueName\":\"search_term_string\"}}],\"inLanguage\":\"pl-PL\"}]}<\/script>\n<!-- \/ Yoast SEO plugin. -->","yoast_head_json":{"title":"Montowane gara\u017ce blaszane z tynkiem | GARDEON","description":"Przemie\u0144 sw\u00f3j sen o gara\u017cu modu\u0142owym w rzeczywisto\u015b\u0107. Z naszej szerokiej oferty ka\u017cdy znajdzie co\u015b dla siebie. Ostateczny projekt i rozmieszczenie akcesori\u00f3w zale\u017cy od Ciebie!","robots":{"index":"index","follow":"follow","max-snippet":"max-snippet:-1","max-image-preview":"max-image-preview:large","max-video-preview":"max-video-preview:-1"},"canonical":"https:\/\/gardeon.pl\/pl\/garaze\/montowane-garaze-blaszane-z-tynkiem\/","og_locale":"pl_PL","og_type":"article","og_title":"Montowane gara\u017ce blaszane z tynkiem | GARDEON","og_description":"Przemie\u0144 sw\u00f3j sen o gara\u017cu modu\u0142owym w rzeczywisto\u015b\u0107. Z naszej szerokiej oferty ka\u017cdy znajdzie co\u015b dla siebie. Ostateczny projekt i rozmieszczenie akcesori\u00f3w zale\u017cy od Ciebie!","og_url":"https:\/\/gardeon.pl\/pl\/garaze\/montowane-garaze-blaszane-z-tynkiem\/","og_site_name":"GARDEON","article_modified_time":"2026-04-25T08:24:20+00:00","og_image":[{"url":"http:\/\/gardeon.pl\/wp-content\/uploads\/2019\/09\/gardeon_logo_basic-copy.jpg","type":"","width":"","height":""}],"twitter_card":"summary_large_image","schema":{"@context":"https:\/\/schema.org","@graph":[{"@type":"WebPage","@id":"https:\/\/gardeon.pl\/pl\/garaze\/montowane-garaze-blaszane-z-tynkiem\/","url":"https:\/\/gardeon.pl\/pl\/garaze\/montowane-garaze-blaszane-z-tynkiem\/","name":"Montowane gara\u017ce blaszane z tynkiem | GARDEON","isPartOf":{"@id":"https:\/\/gardeon.pl\/#website"},"datePublished":"2026-04-23T16:14:47+00:00","dateModified":"2026-04-25T08:24:20+00:00","description":"Przemie\u0144 sw\u00f3j sen o gara\u017cu modu\u0142owym w rzeczywisto\u015b\u0107. Z naszej szerokiej oferty ka\u017cdy znajdzie co\u015b dla siebie. Ostateczny projekt i rozmieszczenie akcesori\u00f3w zale\u017cy od Ciebie!","breadcrumb":{"@id":"https:\/\/gardeon.pl\/pl\/garaze\/montowane-garaze-blaszane-z-tynkiem\/#breadcrumb"},"inLanguage":"pl-PL","potentialAction":[{"@type":"ReadAction","target":["https:\/\/gardeon.pl\/pl\/garaze\/montowane-garaze-blaszane-z-tynkiem\/"]}]},{"@type":"BreadcrumbList","@id":"https:\/\/gardeon.pl\/pl\/garaze\/montowane-garaze-blaszane-z-tynkiem\/#breadcrumb","itemListElement":[{"@type":"ListItem","position":1,"name":"Domov","item":"https:\/\/gardeon.pl\/pl\/"},{"@type":"ListItem","position":2,"name":"Gara\u017ce","item":"https:\/\/gardeon.pl\/pl\/garaze\/"},{"@type":"ListItem","position":3,"name":"Montowane gara\u017ce blaszane z tynkiem"}]},{"@type":"WebSite","@id":"https:\/\/gardeon.pl\/#website","url":"https:\/\/gardeon.pl\/","name":"GARDEON","description":"","potentialAction":[{"@type":"SearchAction","target":{"@type":"EntryPoint","urlTemplate":"https:\/\/gardeon.pl\/?s={search_term_string}"},"query-input":{"@type":"PropertyValueSpecification","valueRequired":true,"valueName":"search_term_string"}}],"inLanguage":"pl-PL"}]}},"_links":{"self":[{"href":"https:\/\/gardeon.pl\/pl\/wp-json\/wp\/v2\/pages\/50473","targetHints":{"allow":["GET"]}}],"collection":[{"href":"https:\/\/gardeon.pl\/pl\/wp-json\/wp\/v2\/pages"}],"about":[{"href":"https:\/\/gardeon.pl\/pl\/wp-json\/wp\/v2\/types\/page"}],"author":[{"embeddable":true,"href":"https:\/\/gardeon.pl\/pl\/wp-json\/wp\/v2\/users\/1"}],"replies":[{"embeddable":true,"href":"https:\/\/gardeon.pl\/pl\/wp-json\/wp\/v2\/comments?post=50473"}],"version-history":[{"count":0,"href":"https:\/\/gardeon.pl\/pl\/wp-json\/wp\/v2\/pages\/50473\/revisions"}],"up":[{"embeddable":true,"href":"https:\/\/gardeon.pl\/pl\/wp-json\/wp\/v2\/pages\/50131"}],"wp:attachment":[{"href":"https:\/\/gardeon.pl\/pl\/wp-json\/wp\/v2\/media?parent=50473"}],"curies":[{"name":"wp","href":"https:\/\/api.w.org\/{rel}","templated":true}]}}

Montowane garaże blaszane z tynkiem

<!-- This site is optimized with the Yoast SEO plugin v27.4 - https://yoast.com/product/yoast-seo-wordpress/ -->
<title>Montowane garaże blaszane z tynkiem | GARDEON</title>
<meta name="description" content="Przemień swój sen o garażu modułowym w rzeczywistość. Z naszej szerokiej oferty każdy znajdzie coś dla siebie. Ostateczny projekt i rozmieszczenie akcesoriów zależy od Ciebie!" />
<meta name="robots" content="index, follow, max-snippet:-1, max-image-preview:large, max-video-preview:-1" />
<link rel="canonical" href="https://gardeon.pl/pl/garaze/montowane-garaze-blaszane-z-tynkiem/" />
<meta property="og:locale" content="pl_PL" />
<meta property="og:type" content="article" />
<meta property="og:title" content="Montowane garaże blaszane z tynkiem | GARDEON" />
<meta property="og:description" content="Przemień swój sen o garażu modułowym w rzeczywistość. Z naszej szerokiej oferty każdy znajdzie coś dla siebie. Ostateczny projekt i rozmieszczenie akcesoriów zależy od Ciebie!" />
<meta property="og:url" content="https://gardeon.pl/pl/garaze/montowane-garaze-blaszane-z-tynkiem/" />
<meta property="og:site_name" content="GARDEON" />
<meta property="article:modified_time" content="2026-04-25T08:24:20+00:00" />
<meta property="og:image" content="http://gardeon.pl/wp-content/uploads/2019/09/gardeon_logo_basic-copy.jpg" />
<meta name="twitter:card" content="summary_large_image" />
<script type="application/ld+json" class="yoast-schema-graph">{"@context":"https:\/\/schema.org","@graph":[{"@type":"WebPage","@id":"https:\/\/gardeon.pl\/pl\/garaze\/montowane-garaze-blaszane-z-tynkiem\/","url":"https:\/\/gardeon.pl\/pl\/garaze\/montowane-garaze-blaszane-z-tynkiem\/","name":"Montowane garaże blaszane z tynkiem | GARDEON","isPartOf":{"@id":"https:\/\/gardeon.pl\/#website"},"datePublished":"2026-04-23T16:14:47+00:00","dateModified":"2026-04-25T08:24:20+00:00","description":"Przemień swój sen o garażu modułowym w rzeczywistość. Z naszej szerokiej oferty każdy znajdzie coś dla siebie. Ostateczny projekt i rozmieszczenie akcesoriów zależy od Ciebie!","breadcrumb":{"@id":"https:\/\/gardeon.pl\/pl\/garaze\/montowane-garaze-blaszane-z-tynkiem\/#breadcrumb"},"inLanguage":"pl-PL","potentialAction":[{"@type":"ReadAction","target":["https:\/\/gardeon.pl\/pl\/garaze\/montowane-garaze-blaszane-z-tynkiem\/"]}]},{"@type":"BreadcrumbList","@id":"https:\/\/gardeon.pl\/pl\/garaze\/montowane-garaze-blaszane-z-tynkiem\/#breadcrumb","itemListElement":[{"@type":"ListItem","position":1,"name":"Domov","item":"https:\/\/gardeon.pl\/pl\/"},{"@type":"ListItem","position":2,"name":"Garaże","item":"https:\/\/gardeon.pl\/pl\/garaze\/"},{"@type":"ListItem","position":3,"name":"Montowane garaże blaszane z tynkiem"}]},{"@type":"WebSite","@id":"https:\/\/gardeon.pl\/#website","url":"https:\/\/gardeon.pl\/","name":"GARDEON","description":"","potentialAction":[{"@type":"SearchAction","target":{"@type":"EntryPoint","urlTemplate":"https:\/\/gardeon.pl\/?s={search_term_string}"},"query-input":{"@type":"PropertyValueSpecification","valueRequired":true,"valueName":"search_term_string"}}],"inLanguage":"pl-PL"}]}</script>
<!-- / Yoast SEO plugin. -->

Montowane garaże blaszane z tynkiem | GARDEON

Przemień swój sen o garażu modułowym w rzeczywistość. Z naszej szerokiej oferty każdy znajdzie coś dla siebie. Ostateczny projekt i rozmieszczenie akcesoriów zależy od Ciebie!

Garaże
