{"id":50859,"date":"2026-04-23T18:16:10","date_gmt":"2026-04-23T16:16:10","guid":{"rendered":"https:\/\/gardeon.pl\/dach-do-garazu\/"},"modified":"2026-04-25T10:19:39","modified_gmt":"2026-04-25T08:19:39","slug":"dach-do-garazu","status":"publish","type":"page","link":"https:\/\/gardeon.pl\/pl\/garaze\/akcesoria-dodatki\/dach-do-garazu\/","title":{"rendered":"Dach do gara\u017cu"},"content":{"rendered":"","protected":false},"excerpt":{"rendered":"","protected":false},"author":2,"featured_media":0,"parent":51312,"menu_order":0,"comment_status":"closed","ping_status":"closed","template":"page-sidebar.php","meta":{"_acf_changed":false,"inline_featured_image":false,"footnotes":""},"class_list":["post-50859","page","type-page","status-publish","hentry"],"acf":[],"yoast_head":"<!-- This site is optimized with the Yoast SEO plugin v27.4 - https:\/\/yoast.com\/product\/yoast-seo-wordpress\/ -->\n<title>Dach do gara\u017cu modu\u0142owego | GARDEON<\/title>\n<meta name=\"description\" content=\"Zastanawiaj\u0105 si\u0119 Pa\u0144stwo, jaki dach b\u0119dzie odpowiedni do Pa\u0144stwa nowego gara\u017cu modu\u0142owego? Na naszej stronie mog\u0105 Pa\u0144stwo wybra\u0107 spo\u015br\u00f3d czterech opcji.\" \/>\n<meta name=\"robots\" content=\"index, follow, max-snippet:-1, max-image-preview:large, max-video-preview:-1\" \/>\n<link rel=\"canonical\" href=\"https:\/\/gardeon.pl\/pl\/garaze\/akcesoria-dodatki\/dach-do-garazu\/\" \/>\n<meta property=\"og:locale\" content=\"pl_PL\" \/>\n<meta property=\"og:type\" content=\"article\" \/>\n<meta property=\"og:title\" content=\"Dach do gara\u017cu modu\u0142owego | GARDEON\" \/>\n<meta property=\"og:description\" content=\"Zastanawiaj\u0105 si\u0119 Pa\u0144stwo, jaki dach b\u0119dzie odpowiedni do Pa\u0144stwa nowego gara\u017cu modu\u0142owego? Na naszej stronie mog\u0105 Pa\u0144stwo wybra\u0107 spo\u015br\u00f3d czterech opcji.\" \/>\n<meta property=\"og:url\" content=\"https:\/\/gardeon.pl\/pl\/garaze\/akcesoria-dodatki\/dach-do-garazu\/\" \/>\n<meta property=\"og:site_name\" content=\"GARDEON\" \/>\n<meta property=\"article:modified_time\" content=\"2026-04-25T08:19:39+00:00\" \/>\n<meta property=\"og:image\" content=\"http:\/\/gardeon.pl\/wp-content\/uploads\/2019\/09\/gardeon_logo_basic-copy.jpg\" \/>\n<meta name=\"twitter:card\" content=\"summary_large_image\" \/>\n<script type=\"application\/ld+json\" class=\"yoast-schema-graph\">{\"@context\":\"https:\\\/\\\/schema.org\",\"@graph\":[{\"@type\":\"WebPage\",\"@id\":\"https:\\\/\\\/gardeon.pl\\\/pl\\\/garaze\\\/akcesoria-dodatki\\\/dach-do-garazu\\\/\",\"url\":\"https:\\\/\\\/gardeon.pl\\\/pl\\\/garaze\\\/akcesoria-dodatki\\\/dach-do-garazu\\\/\",\"name\":\"Dach do gara\u017cu modu\u0142owego | GARDEON\",\"isPartOf\":{\"@id\":\"https:\\\/\\\/gardeon.pl\\\/#website\"},\"datePublished\":\"2026-04-23T16:16:10+00:00\",\"dateModified\":\"2026-04-25T08:19:39+00:00\",\"description\":\"Zastanawiaj\u0105 si\u0119 Pa\u0144stwo, jaki dach b\u0119dzie odpowiedni do Pa\u0144stwa nowego gara\u017cu modu\u0142owego? Na naszej stronie mog\u0105 Pa\u0144stwo wybra\u0107 spo\u015br\u00f3d czterech opcji.\",\"breadcrumb\":{\"@id\":\"https:\\\/\\\/gardeon.pl\\\/pl\\\/garaze\\\/akcesoria-dodatki\\\/dach-do-garazu\\\/#breadcrumb\"},\"inLanguage\":\"pl-PL\",\"potentialAction\":[{\"@type\":\"ReadAction\",\"target\":[\"https:\\\/\\\/gardeon.pl\\\/pl\\\/garaze\\\/akcesoria-dodatki\\\/dach-do-garazu\\\/\"]}]},{\"@type\":\"BreadcrumbList\",\"@id\":\"https:\\\/\\\/gardeon.pl\\\/pl\\\/garaze\\\/akcesoria-dodatki\\\/dach-do-garazu\\\/#breadcrumb\",\"itemListElement\":[{\"@type\":\"ListItem\",\"position\":1,\"name\":\"Domov\",\"item\":\"https:\\\/\\\/gardeon.pl\\\/pl\\\/\"},{\"@type\":\"ListItem\",\"position\":2,\"name\":\"Gara\u017ce\",\"item\":\"https:\\\/\\\/gardeon.pl\\\/pl\\\/garaze\\\/\"},{\"@type\":\"ListItem\",\"position\":3,\"name\":\"Akcesoria, dodatki\",\"item\":\"https:\\\/\\\/gardeon.pl\\\/pl\\\/garaze\\\/akcesoria-dodatki\\\/\"},{\"@type\":\"ListItem\",\"position\":4,\"name\":\"Dach do gara\u017cu\"}]},{\"@type\":\"WebSite\",\"@id\":\"https:\\\/\\\/gardeon.pl\\\/#website\",\"url\":\"https:\\\/\\\/gardeon.pl\\\/\",\"name\":\"GARDEON\",\"description\":\"\",\"potentialAction\":[{\"@type\":\"SearchAction\",\"target\":{\"@type\":\"EntryPoint\",\"urlTemplate\":\"https:\\\/\\\/gardeon.pl\\\/?s={search_term_string}\"},\"query-input\":{\"@type\":\"PropertyValueSpecification\",\"valueRequired\":true,\"valueName\":\"search_term_string\"}}],\"inLanguage\":\"pl-PL\"}]}<\/script>\n<!-- \/ Yoast SEO plugin. -->","yoast_head_json":{"title":"Dach do gara\u017cu modu\u0142owego | GARDEON","description":"Zastanawiaj\u0105 si\u0119 Pa\u0144stwo, jaki dach b\u0119dzie odpowiedni do Pa\u0144stwa nowego gara\u017cu modu\u0142owego? Na naszej stronie mog\u0105 Pa\u0144stwo wybra\u0107 spo\u015br\u00f3d czterech opcji.","robots":{"index":"index","follow":"follow","max-snippet":"max-snippet:-1","max-image-preview":"max-image-preview:large","max-video-preview":"max-video-preview:-1"},"canonical":"https:\/\/gardeon.pl\/pl\/garaze\/akcesoria-dodatki\/dach-do-garazu\/","og_locale":"pl_PL","og_type":"article","og_title":"Dach do gara\u017cu modu\u0142owego | GARDEON","og_description":"Zastanawiaj\u0105 si\u0119 Pa\u0144stwo, jaki dach b\u0119dzie odpowiedni do Pa\u0144stwa nowego gara\u017cu modu\u0142owego? Na naszej stronie mog\u0105 Pa\u0144stwo wybra\u0107 spo\u015br\u00f3d czterech opcji.","og_url":"https:\/\/gardeon.pl\/pl\/garaze\/akcesoria-dodatki\/dach-do-garazu\/","og_site_name":"GARDEON","article_modified_time":"2026-04-25T08:19:39+00:00","og_image":[{"url":"http:\/\/gardeon.pl\/wp-content\/uploads\/2019\/09\/gardeon_logo_basic-copy.jpg","type":"","width":"","height":""}],"twitter_card":"summary_large_image","schema":{"@context":"https:\/\/schema.org","@graph":[{"@type":"WebPage","@id":"https:\/\/gardeon.pl\/pl\/garaze\/akcesoria-dodatki\/dach-do-garazu\/","url":"https:\/\/gardeon.pl\/pl\/garaze\/akcesoria-dodatki\/dach-do-garazu\/","name":"Dach do gara\u017cu modu\u0142owego | GARDEON","isPartOf":{"@id":"https:\/\/gardeon.pl\/#website"},"datePublished":"2026-04-23T16:16:10+00:00","dateModified":"2026-04-25T08:19:39+00:00","description":"Zastanawiaj\u0105 si\u0119 Pa\u0144stwo, jaki dach b\u0119dzie odpowiedni do Pa\u0144stwa nowego gara\u017cu modu\u0142owego? Na naszej stronie mog\u0105 Pa\u0144stwo wybra\u0107 spo\u015br\u00f3d czterech opcji.","breadcrumb":{"@id":"https:\/\/gardeon.pl\/pl\/garaze\/akcesoria-dodatki\/dach-do-garazu\/#breadcrumb"},"inLanguage":"pl-PL","potentialAction":[{"@type":"ReadAction","target":["https:\/\/gardeon.pl\/pl\/garaze\/akcesoria-dodatki\/dach-do-garazu\/"]}]},{"@type":"BreadcrumbList","@id":"https:\/\/gardeon.pl\/pl\/garaze\/akcesoria-dodatki\/dach-do-garazu\/#breadcrumb","itemListElement":[{"@type":"ListItem","position":1,"name":"Domov","item":"https:\/\/gardeon.pl\/pl\/"},{"@type":"ListItem","position":2,"name":"Gara\u017ce","item":"https:\/\/gardeon.pl\/pl\/garaze\/"},{"@type":"ListItem","position":3,"name":"Akcesoria, dodatki","item":"https:\/\/gardeon.pl\/pl\/garaze\/akcesoria-dodatki\/"},{"@type":"ListItem","position":4,"name":"Dach do gara\u017cu"}]},{"@type":"WebSite","@id":"https:\/\/gardeon.pl\/#website","url":"https:\/\/gardeon.pl\/","name":"GARDEON","description":"","potentialAction":[{"@type":"SearchAction","target":{"@type":"EntryPoint","urlTemplate":"https:\/\/gardeon.pl\/?s={search_term_string}"},"query-input":{"@type":"PropertyValueSpecification","valueRequired":true,"valueName":"search_term_string"}}],"inLanguage":"pl-PL"}]}},"_links":{"self":[{"href":"https:\/\/gardeon.pl\/pl\/wp-json\/wp\/v2\/pages\/50859","targetHints":{"allow":["GET"]}}],"collection":[{"href":"https:\/\/gardeon.pl\/pl\/wp-json\/wp\/v2\/pages"}],"about":[{"href":"https:\/\/gardeon.pl\/pl\/wp-json\/wp\/v2\/types\/page"}],"author":[{"embeddable":true,"href":"https:\/\/gardeon.pl\/pl\/wp-json\/wp\/v2\/users\/2"}],"replies":[{"embeddable":true,"href":"https:\/\/gardeon.pl\/pl\/wp-json\/wp\/v2\/comments?post=50859"}],"version-history":[{"count":0,"href":"https:\/\/gardeon.pl\/pl\/wp-json\/wp\/v2\/pages\/50859\/revisions"}],"up":[{"embeddable":true,"href":"https:\/\/gardeon.pl\/pl\/wp-json\/wp\/v2\/pages\/51312"}],"wp:attachment":[{"href":"https:\/\/gardeon.pl\/pl\/wp-json\/wp\/v2\/media?parent=50859"}],"curies":[{"name":"wp","href":"https:\/\/api.w.org\/{rel}","templated":true}]}}

Dach do garażu

<!-- This site is optimized with the Yoast SEO plugin v27.4 - https://yoast.com/product/yoast-seo-wordpress/ -->
<title>Dach do garażu modułowego | GARDEON</title>
<meta name="description" content="Zastanawiają się Państwo, jaki dach będzie odpowiedni do Państwa nowego garażu modułowego? Na naszej stronie mogą Państwo wybrać spośród czterech opcji." />
<meta name="robots" content="index, follow, max-snippet:-1, max-image-preview:large, max-video-preview:-1" />
<link rel="canonical" href="https://gardeon.pl/pl/garaze/akcesoria-dodatki/dach-do-garazu/" />
<meta property="og:locale" content="pl_PL" />
<meta property="og:type" content="article" />
<meta property="og:title" content="Dach do garażu modułowego | GARDEON" />
<meta property="og:description" content="Zastanawiają się Państwo, jaki dach będzie odpowiedni do Państwa nowego garażu modułowego? Na naszej stronie mogą Państwo wybrać spośród czterech opcji." />
<meta property="og:url" content="https://gardeon.pl/pl/garaze/akcesoria-dodatki/dach-do-garazu/" />
<meta property="og:site_name" content="GARDEON" />
<meta property="article:modified_time" content="2026-04-25T08:19:39+00:00" />
<meta property="og:image" content="http://gardeon.pl/wp-content/uploads/2019/09/gardeon_logo_basic-copy.jpg" />
<meta name="twitter:card" content="summary_large_image" />
<script type="application/ld+json" class="yoast-schema-graph">{"@context":"https:\/\/schema.org","@graph":[{"@type":"WebPage","@id":"https:\/\/gardeon.pl\/pl\/garaze\/akcesoria-dodatki\/dach-do-garazu\/","url":"https:\/\/gardeon.pl\/pl\/garaze\/akcesoria-dodatki\/dach-do-garazu\/","name":"Dach do garażu modułowego | GARDEON","isPartOf":{"@id":"https:\/\/gardeon.pl\/#website"},"datePublished":"2026-04-23T16:16:10+00:00","dateModified":"2026-04-25T08:19:39+00:00","description":"Zastanawiają się Państwo, jaki dach będzie odpowiedni do Państwa nowego garażu modułowego? Na naszej stronie mogą Państwo wybrać spośród czterech opcji.","breadcrumb":{"@id":"https:\/\/gardeon.pl\/pl\/garaze\/akcesoria-dodatki\/dach-do-garazu\/#breadcrumb"},"inLanguage":"pl-PL","potentialAction":[{"@type":"ReadAction","target":["https:\/\/gardeon.pl\/pl\/garaze\/akcesoria-dodatki\/dach-do-garazu\/"]}]},{"@type":"BreadcrumbList","@id":"https:\/\/gardeon.pl\/pl\/garaze\/akcesoria-dodatki\/dach-do-garazu\/#breadcrumb","itemListElement":[{"@type":"ListItem","position":1,"name":"Domov","item":"https:\/\/gardeon.pl\/pl\/"},{"@type":"ListItem","position":2,"name":"Garaże","item":"https:\/\/gardeon.pl\/pl\/garaze\/"},{"@type":"ListItem","position":3,"name":"Akcesoria, dodatki","item":"https:\/\/gardeon.pl\/pl\/garaze\/akcesoria-dodatki\/"},{"@type":"ListItem","position":4,"name":"Dach do garażu"}]},{"@type":"WebSite","@id":"https:\/\/gardeon.pl\/#website","url":"https:\/\/gardeon.pl\/","name":"GARDEON","description":"","potentialAction":[{"@type":"SearchAction","target":{"@type":"EntryPoint","urlTemplate":"https:\/\/gardeon.pl\/?s={search_term_string}"},"query-input":{"@type":"PropertyValueSpecification","valueRequired":true,"valueName":"search_term_string"}}],"inLanguage":"pl-PL"}]}</script>
<!-- / Yoast SEO plugin. -->

Dach do garażu modułowego | GARDEON

Zastanawiają się Państwo, jaki dach będzie odpowiedni do Państwa nowego garażu modułowego? Na naszej stronie mogą Państwo wybrać spośród czterech opcji.

Garaże
