{"id":50959,"date":"2026-04-23T18:16:42","date_gmt":"2026-04-23T16:16:42","guid":{"rendered":"https:\/\/gardeon.pl\/garaze\/z-zadaszeniem\/"},"modified":"2026-04-25T10:38:02","modified_gmt":"2026-04-25T08:38:02","slug":"z-zadaszeniem","status":"publish","type":"page","link":"https:\/\/gardeon.pl\/pl\/garaze\/z-zadaszeniem\/","title":{"rendered":"Z wiat\u0105"},"content":{"rendered":"","protected":false},"excerpt":{"rendered":"","protected":false},"author":1,"featured_media":50960,"parent":50131,"menu_order":0,"comment_status":"closed","ping_status":"closed","template":"","meta":{"_acf_changed":false,"inline_featured_image":false,"footnotes":""},"class_list":["post-50959","page","type-page","status-publish","has-post-thumbnail","hentry"],"acf":[],"yoast_head":"<!-- This site is optimized with the Yoast SEO plugin v27.4 - https:\/\/yoast.com\/product\/yoast-seo-wordpress\/ -->\n<title>Gara\u017ce z wiat\u0105 | GARDEON<\/title>\n<meta name=\"description\" content=\"Czy dla samochodu lepsza jest wiata czy gara\u017c? A mo\u017ce po\u0142\u0105czy\u0107 jedno z drugim? W ciep\u0142e letnie dni wiat\u0119 mo\u017cna wykorzysta\u0107 na przyk\u0142ad jako altan\u0119 do wypoczynku.\" \/>\n<meta name=\"robots\" content=\"index, follow, max-snippet:-1, max-image-preview:large, max-video-preview:-1\" \/>\n<link rel=\"canonical\" href=\"https:\/\/gardeon.pl\/pl\/garaze\/z-zadaszeniem\/\" \/>\n<meta property=\"og:locale\" content=\"pl_PL\" \/>\n<meta property=\"og:type\" content=\"article\" \/>\n<meta property=\"og:title\" content=\"Gara\u017ce z wiat\u0105 | GARDEON\" \/>\n<meta property=\"og:description\" content=\"Czy dla samochodu lepsza jest wiata czy gara\u017c? A mo\u017ce po\u0142\u0105czy\u0107 jedno z drugim? W ciep\u0142e letnie dni wiat\u0119 mo\u017cna wykorzysta\u0107 na przyk\u0142ad jako altan\u0119 do wypoczynku.\" \/>\n<meta property=\"og:url\" content=\"https:\/\/gardeon.pl\/pl\/garaze\/z-zadaszeniem\/\" \/>\n<meta property=\"og:site_name\" content=\"GARDEON\" \/>\n<meta property=\"article:modified_time\" content=\"2026-04-25T08:38:02+00:00\" \/>\n<meta property=\"og:image\" content=\"http:\/\/gardeon.pl\/wp-content\/uploads\/2019\/09\/gardeon_logo_basic-copy.jpg\" \/>\n<meta name=\"twitter:card\" content=\"summary_large_image\" \/>\n<script type=\"application\/ld+json\" class=\"yoast-schema-graph\">{\"@context\":\"https:\\\/\\\/schema.org\",\"@graph\":[{\"@type\":\"WebPage\",\"@id\":\"https:\\\/\\\/gardeon.pl\\\/pl\\\/garaze\\\/z-zadaszeniem\\\/\",\"url\":\"https:\\\/\\\/gardeon.pl\\\/pl\\\/garaze\\\/z-zadaszeniem\\\/\",\"name\":\"Gara\u017ce z wiat\u0105 | GARDEON\",\"isPartOf\":{\"@id\":\"https:\\\/\\\/gardeon.pl\\\/#website\"},\"primaryImageOfPage\":{\"@id\":\"https:\\\/\\\/gardeon.pl\\\/pl\\\/garaze\\\/z-zadaszeniem\\\/#primaryimage\"},\"image\":{\"@id\":\"https:\\\/\\\/gardeon.pl\\\/pl\\\/garaze\\\/z-zadaszeniem\\\/#primaryimage\"},\"thumbnailUrl\":\"https:\\\/\\\/gardeon.pl\\\/wp-content\\\/uploads\\\/2016\\\/10\\\/garaz-s-pristreskom.jpg\",\"datePublished\":\"2026-04-23T16:16:42+00:00\",\"dateModified\":\"2026-04-25T08:38:02+00:00\",\"description\":\"Czy dla samochodu lepsza jest wiata czy gara\u017c? A mo\u017ce po\u0142\u0105czy\u0107 jedno z drugim? W ciep\u0142e letnie dni wiat\u0119 mo\u017cna wykorzysta\u0107 na przyk\u0142ad jako altan\u0119 do wypoczynku.\",\"breadcrumb\":{\"@id\":\"https:\\\/\\\/gardeon.pl\\\/pl\\\/garaze\\\/z-zadaszeniem\\\/#breadcrumb\"},\"inLanguage\":\"pl-PL\",\"potentialAction\":[{\"@type\":\"ReadAction\",\"target\":[\"https:\\\/\\\/gardeon.pl\\\/pl\\\/garaze\\\/z-zadaszeniem\\\/\"]}]},{\"@type\":\"ImageObject\",\"inLanguage\":\"pl-PL\",\"@id\":\"https:\\\/\\\/gardeon.pl\\\/pl\\\/garaze\\\/z-zadaszeniem\\\/#primaryimage\",\"url\":\"https:\\\/\\\/gardeon.pl\\\/wp-content\\\/uploads\\\/2016\\\/10\\\/garaz-s-pristreskom.jpg\",\"contentUrl\":\"https:\\\/\\\/gardeon.pl\\\/wp-content\\\/uploads\\\/2016\\\/10\\\/garaz-s-pristreskom.jpg\",\"width\":150,\"height\":75,\"caption\":\"Gara\u017c na jedno auto z wiat\u0105\"},{\"@type\":\"BreadcrumbList\",\"@id\":\"https:\\\/\\\/gardeon.pl\\\/pl\\\/garaze\\\/z-zadaszeniem\\\/#breadcrumb\",\"itemListElement\":[{\"@type\":\"ListItem\",\"position\":1,\"name\":\"Domov\",\"item\":\"https:\\\/\\\/gardeon.pl\\\/pl\\\/\"},{\"@type\":\"ListItem\",\"position\":2,\"name\":\"Gara\u017ce\",\"item\":\"https:\\\/\\\/gardeon.pl\\\/pl\\\/garaze\\\/\"},{\"@type\":\"ListItem\",\"position\":3,\"name\":\"Z wiat\u0105\"}]},{\"@type\":\"WebSite\",\"@id\":\"https:\\\/\\\/gardeon.pl\\\/#website\",\"url\":\"https:\\\/\\\/gardeon.pl\\\/\",\"name\":\"GARDEON\",\"description\":\"\",\"potentialAction\":[{\"@type\":\"SearchAction\",\"target\":{\"@type\":\"EntryPoint\",\"urlTemplate\":\"https:\\\/\\\/gardeon.pl\\\/?s={search_term_string}\"},\"query-input\":{\"@type\":\"PropertyValueSpecification\",\"valueRequired\":true,\"valueName\":\"search_term_string\"}}],\"inLanguage\":\"pl-PL\"}]}<\/script>\n<!-- \/ Yoast SEO plugin. -->","yoast_head_json":{"title":"Gara\u017ce z wiat\u0105 | GARDEON","description":"Czy dla samochodu lepsza jest wiata czy gara\u017c? A mo\u017ce po\u0142\u0105czy\u0107 jedno z drugim? W ciep\u0142e letnie dni wiat\u0119 mo\u017cna wykorzysta\u0107 na przyk\u0142ad jako altan\u0119 do wypoczynku.","robots":{"index":"index","follow":"follow","max-snippet":"max-snippet:-1","max-image-preview":"max-image-preview:large","max-video-preview":"max-video-preview:-1"},"canonical":"https:\/\/gardeon.pl\/pl\/garaze\/z-zadaszeniem\/","og_locale":"pl_PL","og_type":"article","og_title":"Gara\u017ce z wiat\u0105 | GARDEON","og_description":"Czy dla samochodu lepsza jest wiata czy gara\u017c? A mo\u017ce po\u0142\u0105czy\u0107 jedno z drugim? W ciep\u0142e letnie dni wiat\u0119 mo\u017cna wykorzysta\u0107 na przyk\u0142ad jako altan\u0119 do wypoczynku.","og_url":"https:\/\/gardeon.pl\/pl\/garaze\/z-zadaszeniem\/","og_site_name":"GARDEON","article_modified_time":"2026-04-25T08:38:02+00:00","og_image":[{"url":"http:\/\/gardeon.pl\/wp-content\/uploads\/2019\/09\/gardeon_logo_basic-copy.jpg","type":"","width":"","height":""}],"twitter_card":"summary_large_image","schema":{"@context":"https:\/\/schema.org","@graph":[{"@type":"WebPage","@id":"https:\/\/gardeon.pl\/pl\/garaze\/z-zadaszeniem\/","url":"https:\/\/gardeon.pl\/pl\/garaze\/z-zadaszeniem\/","name":"Gara\u017ce z wiat\u0105 | GARDEON","isPartOf":{"@id":"https:\/\/gardeon.pl\/#website"},"primaryImageOfPage":{"@id":"https:\/\/gardeon.pl\/pl\/garaze\/z-zadaszeniem\/#primaryimage"},"image":{"@id":"https:\/\/gardeon.pl\/pl\/garaze\/z-zadaszeniem\/#primaryimage"},"thumbnailUrl":"https:\/\/gardeon.pl\/wp-content\/uploads\/2016\/10\/garaz-s-pristreskom.jpg","datePublished":"2026-04-23T16:16:42+00:00","dateModified":"2026-04-25T08:38:02+00:00","description":"Czy dla samochodu lepsza jest wiata czy gara\u017c? A mo\u017ce po\u0142\u0105czy\u0107 jedno z drugim? W ciep\u0142e letnie dni wiat\u0119 mo\u017cna wykorzysta\u0107 na przyk\u0142ad jako altan\u0119 do wypoczynku.","breadcrumb":{"@id":"https:\/\/gardeon.pl\/pl\/garaze\/z-zadaszeniem\/#breadcrumb"},"inLanguage":"pl-PL","potentialAction":[{"@type":"ReadAction","target":["https:\/\/gardeon.pl\/pl\/garaze\/z-zadaszeniem\/"]}]},{"@type":"ImageObject","inLanguage":"pl-PL","@id":"https:\/\/gardeon.pl\/pl\/garaze\/z-zadaszeniem\/#primaryimage","url":"https:\/\/gardeon.pl\/wp-content\/uploads\/2016\/10\/garaz-s-pristreskom.jpg","contentUrl":"https:\/\/gardeon.pl\/wp-content\/uploads\/2016\/10\/garaz-s-pristreskom.jpg","width":150,"height":75,"caption":"Gara\u017c na jedno auto z wiat\u0105"},{"@type":"BreadcrumbList","@id":"https:\/\/gardeon.pl\/pl\/garaze\/z-zadaszeniem\/#breadcrumb","itemListElement":[{"@type":"ListItem","position":1,"name":"Domov","item":"https:\/\/gardeon.pl\/pl\/"},{"@type":"ListItem","position":2,"name":"Gara\u017ce","item":"https:\/\/gardeon.pl\/pl\/garaze\/"},{"@type":"ListItem","position":3,"name":"Z wiat\u0105"}]},{"@type":"WebSite","@id":"https:\/\/gardeon.pl\/#website","url":"https:\/\/gardeon.pl\/","name":"GARDEON","description":"","potentialAction":[{"@type":"SearchAction","target":{"@type":"EntryPoint","urlTemplate":"https:\/\/gardeon.pl\/?s={search_term_string}"},"query-input":{"@type":"PropertyValueSpecification","valueRequired":true,"valueName":"search_term_string"}}],"inLanguage":"pl-PL"}]}},"_links":{"self":[{"href":"https:\/\/gardeon.pl\/pl\/wp-json\/wp\/v2\/pages\/50959","targetHints":{"allow":["GET"]}}],"collection":[{"href":"https:\/\/gardeon.pl\/pl\/wp-json\/wp\/v2\/pages"}],"about":[{"href":"https:\/\/gardeon.pl\/pl\/wp-json\/wp\/v2\/types\/page"}],"author":[{"embeddable":true,"href":"https:\/\/gardeon.pl\/pl\/wp-json\/wp\/v2\/users\/1"}],"replies":[{"embeddable":true,"href":"https:\/\/gardeon.pl\/pl\/wp-json\/wp\/v2\/comments?post=50959"}],"version-history":[{"count":0,"href":"https:\/\/gardeon.pl\/pl\/wp-json\/wp\/v2\/pages\/50959\/revisions"}],"up":[{"embeddable":true,"href":"https:\/\/gardeon.pl\/pl\/wp-json\/wp\/v2\/pages\/50131"}],"wp:featuredmedia":[{"embeddable":true,"href":"https:\/\/gardeon.pl\/pl\/wp-json\/wp\/v2\/media\/50960"}],"wp:attachment":[{"href":"https:\/\/gardeon.pl\/pl\/wp-json\/wp\/v2\/media?parent=50959"}],"curies":[{"name":"wp","href":"https:\/\/api.w.org\/{rel}","templated":true}]}}

Z wiatą

<!-- This site is optimized with the Yoast SEO plugin v27.4 - https://yoast.com/product/yoast-seo-wordpress/ -->
<title>Garaże z wiatą | GARDEON</title>
<meta name="description" content="Czy dla samochodu lepsza jest wiata czy garaż? A może połączyć jedno z drugim? W ciepłe letnie dni wiatę można wykorzystać na przykład jako altanę do wypoczynku." />
<meta name="robots" content="index, follow, max-snippet:-1, max-image-preview:large, max-video-preview:-1" />
<link rel="canonical" href="https://gardeon.pl/pl/garaze/z-zadaszeniem/" />
<meta property="og:locale" content="pl_PL" />
<meta property="og:type" content="article" />
<meta property="og:title" content="Garaże z wiatą | GARDEON" />
<meta property="og:description" content="Czy dla samochodu lepsza jest wiata czy garaż? A może połączyć jedno z drugim? W ciepłe letnie dni wiatę można wykorzystać na przykład jako altanę do wypoczynku." />
<meta property="og:url" content="https://gardeon.pl/pl/garaze/z-zadaszeniem/" />
<meta property="og:site_name" content="GARDEON" />
<meta property="article:modified_time" content="2026-04-25T08:38:02+00:00" />
<meta property="og:image" content="http://gardeon.pl/wp-content/uploads/2019/09/gardeon_logo_basic-copy.jpg" />
<meta name="twitter:card" content="summary_large_image" />
<script type="application/ld+json" class="yoast-schema-graph">{"@context":"https:\/\/schema.org","@graph":[{"@type":"WebPage","@id":"https:\/\/gardeon.pl\/pl\/garaze\/z-zadaszeniem\/","url":"https:\/\/gardeon.pl\/pl\/garaze\/z-zadaszeniem\/","name":"Garaże z wiatą | GARDEON","isPartOf":{"@id":"https:\/\/gardeon.pl\/#website"},"primaryImageOfPage":{"@id":"https:\/\/gardeon.pl\/pl\/garaze\/z-zadaszeniem\/#primaryimage"},"image":{"@id":"https:\/\/gardeon.pl\/pl\/garaze\/z-zadaszeniem\/#primaryimage"},"thumbnailUrl":"https:\/\/gardeon.pl\/wp-content\/uploads\/2016\/10\/garaz-s-pristreskom.jpg","datePublished":"2026-04-23T16:16:42+00:00","dateModified":"2026-04-25T08:38:02+00:00","description":"Czy dla samochodu lepsza jest wiata czy garaż? A może połączyć jedno z drugim? W ciepłe letnie dni wiatę można wykorzystać na przykład jako altanę do wypoczynku.","breadcrumb":{"@id":"https:\/\/gardeon.pl\/pl\/garaze\/z-zadaszeniem\/#breadcrumb"},"inLanguage":"pl-PL","potentialAction":[{"@type":"ReadAction","target":["https:\/\/gardeon.pl\/pl\/garaze\/z-zadaszeniem\/"]}]},{"@type":"ImageObject","inLanguage":"pl-PL","@id":"https:\/\/gardeon.pl\/pl\/garaze\/z-zadaszeniem\/#primaryimage","url":"https:\/\/gardeon.pl\/wp-content\/uploads\/2016\/10\/garaz-s-pristreskom.jpg","contentUrl":"https:\/\/gardeon.pl\/wp-content\/uploads\/2016\/10\/garaz-s-pristreskom.jpg","width":150,"height":75,"caption":"Garaż na jedno auto z wiatą"},{"@type":"BreadcrumbList","@id":"https:\/\/gardeon.pl\/pl\/garaze\/z-zadaszeniem\/#breadcrumb","itemListElement":[{"@type":"ListItem","position":1,"name":"Domov","item":"https:\/\/gardeon.pl\/pl\/"},{"@type":"ListItem","position":2,"name":"Garaże","item":"https:\/\/gardeon.pl\/pl\/garaze\/"},{"@type":"ListItem","position":3,"name":"Z wiatą"}]},{"@type":"WebSite","@id":"https:\/\/gardeon.pl\/#website","url":"https:\/\/gardeon.pl\/","name":"GARDEON","description":"","potentialAction":[{"@type":"SearchAction","target":{"@type":"EntryPoint","urlTemplate":"https:\/\/gardeon.pl\/?s={search_term_string}"},"query-input":{"@type":"PropertyValueSpecification","valueRequired":true,"valueName":"search_term_string"}}],"inLanguage":"pl-PL"}]}</script>
<!-- / Yoast SEO plugin. -->

Garaże z wiatą | GARDEON

Czy dla samochodu lepsza jest wiata czy garaż? A może połączyć jedno z drugim? W ciepłe letnie dni wiatę można wykorzystać na przykład jako altanę do wypoczynku.

Garaż na jedno auto z wiatą

Garaże
