{"id":51302,"date":"2026-04-23T18:17:41","date_gmt":"2026-04-23T16:17:41","guid":{"rendered":"https:\/\/gardeon.pl\/domki-ogrodowe-na-narzedzia\/ze-spadzistym-dachem\/"},"modified":"2026-04-25T10:39:06","modified_gmt":"2026-04-25T08:39:06","slug":"ze-spadzistym-dachem","status":"publish","type":"page","link":"https:\/\/gardeon.pl\/pl\/domki-ogrodowe-na-narzedzia\/ze-spadzistym-dachem\/","title":{"rendered":"Z dachem dwuspadowym"},"content":{"rendered":"","protected":false},"excerpt":{"rendered":"","protected":false},"author":1,"featured_media":51303,"parent":51181,"menu_order":0,"comment_status":"closed","ping_status":"closed","template":"","meta":{"_acf_changed":false,"inline_featured_image":false,"footnotes":""},"class_list":["post-51302","page","type-page","status-publish","has-post-thumbnail","hentry"],"acf":[],"yoast_head":"<!-- This site is optimized with the Yoast SEO plugin v27.4 - https:\/\/yoast.com\/product\/yoast-seo-wordpress\/ -->\n<title>Domki ogrodowe z dachem dwuspadowym | GARDEON<\/title>\n<meta name=\"description\" content=\"Klasyczny design i wsp\u00f3\u0142czesne materia\u0142y sprawi\u0105, \u017ce domek ogrodowy z dachem dwuspadowym idealnie wpasuje si\u0119 w tradycyjne, jak i nowoczesne otoczenie Pa\u0144stwa ogrodu.\" \/>\n<meta name=\"robots\" content=\"index, follow, max-snippet:-1, max-image-preview:large, max-video-preview:-1\" \/>\n<link rel=\"canonical\" href=\"https:\/\/gardeon.pl\/pl\/domki-ogrodowe-na-narzedzia\/ze-spadzistym-dachem\/\" \/>\n<meta property=\"og:locale\" content=\"pl_PL\" \/>\n<meta property=\"og:type\" content=\"article\" \/>\n<meta property=\"og:title\" content=\"Domki ogrodowe z dachem dwuspadowym | GARDEON\" \/>\n<meta property=\"og:description\" content=\"Klasyczny design i wsp\u00f3\u0142czesne materia\u0142y sprawi\u0105, \u017ce domek ogrodowy z dachem dwuspadowym idealnie wpasuje si\u0119 w tradycyjne, jak i nowoczesne otoczenie Pa\u0144stwa ogrodu.\" \/>\n<meta property=\"og:url\" content=\"https:\/\/gardeon.pl\/pl\/domki-ogrodowe-na-narzedzia\/ze-spadzistym-dachem\/\" \/>\n<meta property=\"og:site_name\" content=\"GARDEON\" \/>\n<meta property=\"article:modified_time\" content=\"2026-04-25T08:39:06+00:00\" \/>\n<meta property=\"og:image\" content=\"https:\/\/gardeon.pl\/wp-content\/uploads\/2016\/10\/domcek-sedlo-okno-biela-copy.jpg\" \/>\n\t<meta property=\"og:image:width\" content=\"150\" \/>\n\t<meta property=\"og:image:height\" content=\"75\" \/>\n\t<meta property=\"og:image:type\" content=\"image\/jpeg\" \/>\n<meta name=\"twitter:card\" content=\"summary_large_image\" \/>\n<script type=\"application\/ld+json\" class=\"yoast-schema-graph\">{\"@context\":\"https:\\\/\\\/schema.org\",\"@graph\":[{\"@type\":\"WebPage\",\"@id\":\"https:\\\/\\\/gardeon.pl\\\/pl\\\/domki-ogrodowe-na-narzedzia\\\/ze-spadzistym-dachem\\\/\",\"url\":\"https:\\\/\\\/gardeon.pl\\\/pl\\\/domki-ogrodowe-na-narzedzia\\\/ze-spadzistym-dachem\\\/\",\"name\":\"Domki ogrodowe z dachem dwuspadowym | GARDEON\",\"isPartOf\":{\"@id\":\"https:\\\/\\\/gardeon.pl\\\/#website\"},\"primaryImageOfPage\":{\"@id\":\"https:\\\/\\\/gardeon.pl\\\/pl\\\/domki-ogrodowe-na-narzedzia\\\/ze-spadzistym-dachem\\\/#primaryimage\"},\"image\":{\"@id\":\"https:\\\/\\\/gardeon.pl\\\/pl\\\/domki-ogrodowe-na-narzedzia\\\/ze-spadzistym-dachem\\\/#primaryimage\"},\"thumbnailUrl\":\"https:\\\/\\\/gardeon.pl\\\/wp-content\\\/uploads\\\/2016\\\/10\\\/domcek-sedlo-okno-biela-copy.jpg\",\"datePublished\":\"2026-04-23T16:17:41+00:00\",\"dateModified\":\"2026-04-25T08:39:06+00:00\",\"description\":\"Klasyczny design i wsp\u00f3\u0142czesne materia\u0142y sprawi\u0105, \u017ce domek ogrodowy z dachem dwuspadowym idealnie wpasuje si\u0119 w tradycyjne, jak i nowoczesne otoczenie Pa\u0144stwa ogrodu.\",\"breadcrumb\":{\"@id\":\"https:\\\/\\\/gardeon.pl\\\/pl\\\/domki-ogrodowe-na-narzedzia\\\/ze-spadzistym-dachem\\\/#breadcrumb\"},\"inLanguage\":\"pl-PL\",\"potentialAction\":[{\"@type\":\"ReadAction\",\"target\":[\"https:\\\/\\\/gardeon.pl\\\/pl\\\/domki-ogrodowe-na-narzedzia\\\/ze-spadzistym-dachem\\\/\"]}]},{\"@type\":\"ImageObject\",\"inLanguage\":\"pl-PL\",\"@id\":\"https:\\\/\\\/gardeon.pl\\\/pl\\\/domki-ogrodowe-na-narzedzia\\\/ze-spadzistym-dachem\\\/#primaryimage\",\"url\":\"https:\\\/\\\/gardeon.pl\\\/wp-content\\\/uploads\\\/2016\\\/10\\\/domcek-sedlo-okno-biela-copy.jpg\",\"contentUrl\":\"https:\\\/\\\/gardeon.pl\\\/wp-content\\\/uploads\\\/2016\\\/10\\\/domcek-sedlo-okno-biela-copy.jpg\",\"width\":150,\"height\":75,\"caption\":\"Z\u00e1hradn\u00fd dom\u010dek so sedlovou strechou\"},{\"@type\":\"BreadcrumbList\",\"@id\":\"https:\\\/\\\/gardeon.pl\\\/pl\\\/domki-ogrodowe-na-narzedzia\\\/ze-spadzistym-dachem\\\/#breadcrumb\",\"itemListElement\":[{\"@type\":\"ListItem\",\"position\":1,\"name\":\"Domov\",\"item\":\"https:\\\/\\\/gardeon.pl\\\/pl\\\/\"},{\"@type\":\"ListItem\",\"position\":2,\"name\":\"Domki ogrodowe na narz\u0119dzia\",\"item\":\"https:\\\/\\\/gardeon.pl\\\/pl\\\/domki-ogrodowe-na-narzedzia\\\/\"},{\"@type\":\"ListItem\",\"position\":3,\"name\":\"Z dachem dwuspadowym\"}]},{\"@type\":\"WebSite\",\"@id\":\"https:\\\/\\\/gardeon.pl\\\/#website\",\"url\":\"https:\\\/\\\/gardeon.pl\\\/\",\"name\":\"GARDEON\",\"description\":\"\",\"potentialAction\":[{\"@type\":\"SearchAction\",\"target\":{\"@type\":\"EntryPoint\",\"urlTemplate\":\"https:\\\/\\\/gardeon.pl\\\/?s={search_term_string}\"},\"query-input\":{\"@type\":\"PropertyValueSpecification\",\"valueRequired\":true,\"valueName\":\"search_term_string\"}}],\"inLanguage\":\"pl-PL\"}]}<\/script>\n<!-- \/ Yoast SEO plugin. -->","yoast_head_json":{"title":"Domki ogrodowe z dachem dwuspadowym | GARDEON","description":"Klasyczny design i wsp\u00f3\u0142czesne materia\u0142y sprawi\u0105, \u017ce domek ogrodowy z dachem dwuspadowym idealnie wpasuje si\u0119 w tradycyjne, jak i nowoczesne otoczenie Pa\u0144stwa ogrodu.","robots":{"index":"index","follow":"follow","max-snippet":"max-snippet:-1","max-image-preview":"max-image-preview:large","max-video-preview":"max-video-preview:-1"},"canonical":"https:\/\/gardeon.pl\/pl\/domki-ogrodowe-na-narzedzia\/ze-spadzistym-dachem\/","og_locale":"pl_PL","og_type":"article","og_title":"Domki ogrodowe z dachem dwuspadowym | GARDEON","og_description":"Klasyczny design i wsp\u00f3\u0142czesne materia\u0142y sprawi\u0105, \u017ce domek ogrodowy z dachem dwuspadowym idealnie wpasuje si\u0119 w tradycyjne, jak i nowoczesne otoczenie Pa\u0144stwa ogrodu.","og_url":"https:\/\/gardeon.pl\/pl\/domki-ogrodowe-na-narzedzia\/ze-spadzistym-dachem\/","og_site_name":"GARDEON","article_modified_time":"2026-04-25T08:39:06+00:00","og_image":[{"width":150,"height":75,"url":"https:\/\/gardeon.pl\/wp-content\/uploads\/2016\/10\/domcek-sedlo-okno-biela-copy.jpg","type":"image\/jpeg"}],"twitter_card":"summary_large_image","schema":{"@context":"https:\/\/schema.org","@graph":[{"@type":"WebPage","@id":"https:\/\/gardeon.pl\/pl\/domki-ogrodowe-na-narzedzia\/ze-spadzistym-dachem\/","url":"https:\/\/gardeon.pl\/pl\/domki-ogrodowe-na-narzedzia\/ze-spadzistym-dachem\/","name":"Domki ogrodowe z dachem dwuspadowym | GARDEON","isPartOf":{"@id":"https:\/\/gardeon.pl\/#website"},"primaryImageOfPage":{"@id":"https:\/\/gardeon.pl\/pl\/domki-ogrodowe-na-narzedzia\/ze-spadzistym-dachem\/#primaryimage"},"image":{"@id":"https:\/\/gardeon.pl\/pl\/domki-ogrodowe-na-narzedzia\/ze-spadzistym-dachem\/#primaryimage"},"thumbnailUrl":"https:\/\/gardeon.pl\/wp-content\/uploads\/2016\/10\/domcek-sedlo-okno-biela-copy.jpg","datePublished":"2026-04-23T16:17:41+00:00","dateModified":"2026-04-25T08:39:06+00:00","description":"Klasyczny design i wsp\u00f3\u0142czesne materia\u0142y sprawi\u0105, \u017ce domek ogrodowy z dachem dwuspadowym idealnie wpasuje si\u0119 w tradycyjne, jak i nowoczesne otoczenie Pa\u0144stwa ogrodu.","breadcrumb":{"@id":"https:\/\/gardeon.pl\/pl\/domki-ogrodowe-na-narzedzia\/ze-spadzistym-dachem\/#breadcrumb"},"inLanguage":"pl-PL","potentialAction":[{"@type":"ReadAction","target":["https:\/\/gardeon.pl\/pl\/domki-ogrodowe-na-narzedzia\/ze-spadzistym-dachem\/"]}]},{"@type":"ImageObject","inLanguage":"pl-PL","@id":"https:\/\/gardeon.pl\/pl\/domki-ogrodowe-na-narzedzia\/ze-spadzistym-dachem\/#primaryimage","url":"https:\/\/gardeon.pl\/wp-content\/uploads\/2016\/10\/domcek-sedlo-okno-biela-copy.jpg","contentUrl":"https:\/\/gardeon.pl\/wp-content\/uploads\/2016\/10\/domcek-sedlo-okno-biela-copy.jpg","width":150,"height":75,"caption":"Z\u00e1hradn\u00fd dom\u010dek so sedlovou strechou"},{"@type":"BreadcrumbList","@id":"https:\/\/gardeon.pl\/pl\/domki-ogrodowe-na-narzedzia\/ze-spadzistym-dachem\/#breadcrumb","itemListElement":[{"@type":"ListItem","position":1,"name":"Domov","item":"https:\/\/gardeon.pl\/pl\/"},{"@type":"ListItem","position":2,"name":"Domki ogrodowe na narz\u0119dzia","item":"https:\/\/gardeon.pl\/pl\/domki-ogrodowe-na-narzedzia\/"},{"@type":"ListItem","position":3,"name":"Z dachem dwuspadowym"}]},{"@type":"WebSite","@id":"https:\/\/gardeon.pl\/#website","url":"https:\/\/gardeon.pl\/","name":"GARDEON","description":"","potentialAction":[{"@type":"SearchAction","target":{"@type":"EntryPoint","urlTemplate":"https:\/\/gardeon.pl\/?s={search_term_string}"},"query-input":{"@type":"PropertyValueSpecification","valueRequired":true,"valueName":"search_term_string"}}],"inLanguage":"pl-PL"}]}},"_links":{"self":[{"href":"https:\/\/gardeon.pl\/pl\/wp-json\/wp\/v2\/pages\/51302","targetHints":{"allow":["GET"]}}],"collection":[{"href":"https:\/\/gardeon.pl\/pl\/wp-json\/wp\/v2\/pages"}],"about":[{"href":"https:\/\/gardeon.pl\/pl\/wp-json\/wp\/v2\/types\/page"}],"author":[{"embeddable":true,"href":"https:\/\/gardeon.pl\/pl\/wp-json\/wp\/v2\/users\/1"}],"replies":[{"embeddable":true,"href":"https:\/\/gardeon.pl\/pl\/wp-json\/wp\/v2\/comments?post=51302"}],"version-history":[{"count":0,"href":"https:\/\/gardeon.pl\/pl\/wp-json\/wp\/v2\/pages\/51302\/revisions"}],"up":[{"embeddable":true,"href":"https:\/\/gardeon.pl\/pl\/wp-json\/wp\/v2\/pages\/51181"}],"wp:featuredmedia":[{"embeddable":true,"href":"https:\/\/gardeon.pl\/pl\/wp-json\/wp\/v2\/media\/51303"}],"wp:attachment":[{"href":"https:\/\/gardeon.pl\/pl\/wp-json\/wp\/v2\/media?parent=51302"}],"curies":[{"name":"wp","href":"https:\/\/api.w.org\/{rel}","templated":true}]}}

<!-- This site is optimized with the Yoast SEO plugin v27.4 - https://yoast.com/product/yoast-seo-wordpress/ -->
<title>Domki ogrodowe z dachem dwuspadowym | GARDEON</title>
<meta name="description" content="Klasyczny design i współczesne materiały sprawią, że domek ogrodowy z dachem dwuspadowym idealnie wpasuje się w tradycyjne, jak i nowoczesne otoczenie Państwa ogrodu." />
<meta name="robots" content="index, follow, max-snippet:-1, max-image-preview:large, max-video-preview:-1" />
<link rel="canonical" href="https://gardeon.pl/pl/domki-ogrodowe-na-narzedzia/ze-spadzistym-dachem/" />
<meta property="og:locale" content="pl_PL" />
<meta property="og:type" content="article" />
<meta property="og:title" content="Domki ogrodowe z dachem dwuspadowym | GARDEON" />
<meta property="og:description" content="Klasyczny design i współczesne materiały sprawią, że domek ogrodowy z dachem dwuspadowym idealnie wpasuje się w tradycyjne, jak i nowoczesne otoczenie Państwa ogrodu." />
<meta property="og:url" content="https://gardeon.pl/pl/domki-ogrodowe-na-narzedzia/ze-spadzistym-dachem/" />
<meta property="og:site_name" content="GARDEON" />
<meta property="article:modified_time" content="2026-04-25T08:39:06+00:00" />
<meta property="og:image" content="https://gardeon.pl/wp-content/uploads/2016/10/domcek-sedlo-okno-biela-copy.jpg" />
	<meta property="og:image:width" content="150" />
	<meta property="og:image:height" content="75" />
	<meta property="og:image:type" content="image/jpeg" />
<meta name="twitter:card" content="summary_large_image" />
<script type="application/ld+json" class="yoast-schema-graph">{"@context":"https:\/\/schema.org","@graph":[{"@type":"WebPage","@id":"https:\/\/gardeon.pl\/pl\/domki-ogrodowe-na-narzedzia\/ze-spadzistym-dachem\/","url":"https:\/\/gardeon.pl\/pl\/domki-ogrodowe-na-narzedzia\/ze-spadzistym-dachem\/","name":"Domki ogrodowe z dachem dwuspadowym | GARDEON","isPartOf":{"@id":"https:\/\/gardeon.pl\/#website"},"primaryImageOfPage":{"@id":"https:\/\/gardeon.pl\/pl\/domki-ogrodowe-na-narzedzia\/ze-spadzistym-dachem\/#primaryimage"},"image":{"@id":"https:\/\/gardeon.pl\/pl\/domki-ogrodowe-na-narzedzia\/ze-spadzistym-dachem\/#primaryimage"},"thumbnailUrl":"https:\/\/gardeon.pl\/wp-content\/uploads\/2016\/10\/domcek-sedlo-okno-biela-copy.jpg","datePublished":"2026-04-23T16:17:41+00:00","dateModified":"2026-04-25T08:39:06+00:00","description":"Klasyczny design i współczesne materiały sprawią, że domek ogrodowy z dachem dwuspadowym idealnie wpasuje się w tradycyjne, jak i nowoczesne otoczenie Państwa ogrodu.","breadcrumb":{"@id":"https:\/\/gardeon.pl\/pl\/domki-ogrodowe-na-narzedzia\/ze-spadzistym-dachem\/#breadcrumb"},"inLanguage":"pl-PL","potentialAction":[{"@type":"ReadAction","target":["https:\/\/gardeon.pl\/pl\/domki-ogrodowe-na-narzedzia\/ze-spadzistym-dachem\/"]}]},{"@type":"ImageObject","inLanguage":"pl-PL","@id":"https:\/\/gardeon.pl\/pl\/domki-ogrodowe-na-narzedzia\/ze-spadzistym-dachem\/#primaryimage","url":"https:\/\/gardeon.pl\/wp-content\/uploads\/2016\/10\/domcek-sedlo-okno-biela-copy.jpg","contentUrl":"https:\/\/gardeon.pl\/wp-content\/uploads\/2016\/10\/domcek-sedlo-okno-biela-copy.jpg","width":150,"height":75,"caption":"Záhradný domček so sedlovou strechou"},{"@type":"BreadcrumbList","@id":"https:\/\/gardeon.pl\/pl\/domki-ogrodowe-na-narzedzia\/ze-spadzistym-dachem\/#breadcrumb","itemListElement":[{"@type":"ListItem","position":1,"name":"Domov","item":"https:\/\/gardeon.pl\/pl\/"},{"@type":"ListItem","position":2,"name":"Domki ogrodowe na narzędzia","item":"https:\/\/gardeon.pl\/pl\/domki-ogrodowe-na-narzedzia\/"},{"@type":"ListItem","position":3,"name":"Z dachem dwuspadowym"}]},{"@type":"WebSite","@id":"https:\/\/gardeon.pl\/#website","url":"https:\/\/gardeon.pl\/","name":"GARDEON","description":"","potentialAction":[{"@type":"SearchAction","target":{"@type":"EntryPoint","urlTemplate":"https:\/\/gardeon.pl\/?s={search_term_string}"},"query-input":{"@type":"PropertyValueSpecification","valueRequired":true,"valueName":"search_term_string"}}],"inLanguage":"pl-PL"}]}</script>
<!-- / Yoast SEO plugin. -->

Klasyczny design i współczesne materiały sprawią, że domek ogrodowy z dachem dwuspadowym idealnie wpasuje się w tradycyjne, jak i nowoczesne otoczenie Państwa ogrodu.

Záhradný domček so sedlovou strechou

Domki ogrodowe na narzędzia
